{"id":135,"date":"2025-04-01T15:51:03","date_gmt":"2025-04-01T13:51:03","guid":{"rendered":"https:\/\/www.communic-ames.com\/?page_id=135"},"modified":"2026-01-12T13:35:46","modified_gmt":"2026-01-12T12:35:46","slug":"consultation-et-tarifs","status":"publish","type":"page","link":"https:\/\/www.communic-ames.com\/index.php\/consultation-et-tarifs\/","title":{"rendered":"Consultation et tarifs"},"content":{"rendered":"\t\t<div data-elementor-type=\"wp-page\" data-elementor-id=\"135\" class=\"elementor elementor-135\">\n\t\t\t\t<div class=\"elementor-element elementor-element-7409372 e-flex e-con-boxed e-con e-parent\" data-id=\"7409372\" data-element_type=\"container\" data-e-type=\"container\">\n\t\t\t\t\t<div class=\"e-con-inner\">\n\t\t\t\t<div class=\"elementor-element elementor-element-dabf298 elementor-widget elementor-widget-spacer\" data-id=\"dabf298\" data-element_type=\"widget\" data-e-type=\"widget\" data-widget_type=\"spacer.default\">\n\t\t\t\t<div class=\"elementor-widget-container\">\n\t\t\t\t\t\t\t<div class=\"elementor-spacer\">\n\t\t\t<div class=\"elementor-spacer-inner\"><\/div>\n\t\t<\/div>\n\t\t\t\t\t\t<\/div>\n\t\t\t\t<\/div>\n\t\t\t\t<div class=\"elementor-element elementor-element-49b2984 elementor-widget elementor-widget-heading\" data-id=\"49b2984\" data-element_type=\"widget\" data-e-type=\"widget\" data-widget_type=\"heading.default\">\n\t\t\t\t<div class=\"elementor-widget-container\">\n\t\t\t\t\t<h2 class=\"elementor-heading-title elementor-size-default\">Modalit\u00e9s de consultation :<\/h2>\t\t\t\t<\/div>\n\t\t\t\t<\/div>\n\t\t\t\t<div class=\"elementor-element elementor-element-a8b4bdc elementor-widget elementor-widget-text-editor\" data-id=\"a8b4bdc\" data-element_type=\"widget\" data-e-type=\"widget\" data-widget_type=\"text-editor.default\">\n\t\t\t\t<div class=\"elementor-widget-container\">\n\t\t\t\t\t\t\t\t\t<p><span style=\"color: #000000;\"><span style=\"font-family: inherit, serif;\">Je vous propose plusieurs m\u00e9thodes pour la consultation <b>en distanciel<\/b>.<\/span><\/span><\/p><p><span style=\"color: #000000;\"><span style=\"font-family: inherit, serif;\">Je vous demande le jour de la s\u00e9ance, le pr\u00e9nom de la personne ou de l&rsquo;animal concern\u00e9, une photographie dans la mesure du possible ainsi que toutes les questions pr\u00e9par\u00e9es en amont par vos soins.<\/span><\/span><\/p><p style=\"text-align: left;\"><span style=\"color: #000000;\"><strong>Communications d&rsquo;\u00e2mes et animale : <\/strong><\/span><\/p><ul><li><span style=\"color: #000000;\"><span style=\"font-family: inherit, serif;\">Whatsapp en visio le jour du rendez-vous (par canalisation)<\/span><\/span><\/li><\/ul><p><span style=\"color: #000000;\"><span style=\"font-family: inherit, serif;\">ou<\/span><\/span><\/p><ul><li><p><span style=\"color: #000000;\"><span style=\"font-family: inherit, serif;\">compte rendu \u00e9crit par message ou mail (par \u00e9criture intuitive, pas de rendez-vous fix\u00e9)<\/span><\/span><\/p><\/li><\/ul><p><span style=\"color: #000000;\"><span style=\"font-family: inherit, serif;\"><span style=\"color: #000000;\"><strong>Guidance :<\/strong><\/span> uniquement par Whatsapp en visio le jour du rendez-vous (par canalisation)<\/span><\/span><\/p><p><span style=\"color: #000000;\"><span style=\"font-family: inherit, serif;\"><span style=\"color: #000000;\"><strong>Soin LaHoChi\u00a0:<\/strong><\/span> n\u00e9cessite un rendez-vous fix\u00e9 afin que vous soyez dans un \u00e9tat propice \u00e0 la r\u00e9ception du soin. Quelques minutes avant de d\u00e9buter, vous vous installez confortablement dans un endroit calme chez vous et vous vous relaxez. Un temps d&rsquo;\u00e9change sera pr\u00e9vu \u00e0 la fin du soin.<\/span><\/span><\/p><p><span style=\"color: #000000;\"><span style=\"font-family: inherit, serif;\">Ces services peuvent \u00eatre effectu\u00e9s <b>en pr\u00e9sentiel<\/b> \u00e0 votre domicile si vous r\u00e9sidez sur l&rsquo;agglom\u00e9ration orl\u00e9anaise (avec des frais de d\u00e9placement).<\/span><\/span><\/p>\t\t\t\t\t\t\t\t<\/div>\n\t\t\t\t<\/div>\n\t\t\t\t<div class=\"elementor-element elementor-element-0c1bfd9 elementor-widget elementor-widget-spacer\" data-id=\"0c1bfd9\" data-element_type=\"widget\" data-e-type=\"widget\" data-widget_type=\"spacer.default\">\n\t\t\t\t<div class=\"elementor-widget-container\">\n\t\t\t\t\t\t\t<div class=\"elementor-spacer\">\n\t\t\t<div class=\"elementor-spacer-inner\"><\/div>\n\t\t<\/div>\n\t\t\t\t\t\t<\/div>\n\t\t\t\t<\/div>\n\t\t\t\t<div class=\"elementor-element elementor-element-e770081 elementor-widget elementor-widget-heading\" data-id=\"e770081\" data-element_type=\"widget\" data-e-type=\"widget\" data-widget_type=\"heading.default\">\n\t\t\t\t<div class=\"elementor-widget-container\">\n\t\t\t\t\t<h2 class=\"elementor-heading-title elementor-size-default\">Tarifs<\/h2>\t\t\t\t<\/div>\n\t\t\t\t<\/div>\n\t\t\t\t<div class=\"elementor-element elementor-element-27b867b elementor-widget elementor-widget-text-editor\" data-id=\"27b867b\" data-element_type=\"widget\" data-e-type=\"widget\" data-widget_type=\"text-editor.default\">\n\t\t\t\t<div class=\"elementor-widget-container\">\n\t\t\t\t\t\t\t\t\t<ul><li><p><span style=\"color: #000000;\"><span style=\"font-family: inherit, serif;\">Communication d&rsquo;\u00e2me 1h\u00a0: 80\u20ac<\/span><\/span><\/p><\/li><li><p><span style=\"color: #000000;\"><span style=\"font-family: inherit, serif;\">Communication animale 1h : 70\u20ac (rdv pris simultan\u00e9ment pour plusieurs animaux, remise de 10\u20ac par animal suppl\u00e9mentaire)<\/span><\/span><\/p><\/li><li><p><span style=\"color: #000000;\"><span style=\"font-family: inherit, serif;\">Guidance 1h\u00a0: 80\u20ac<\/span><\/span><\/p><\/li><li><p><span style=\"color: #000000;\"><span style=\"font-family: inherit, serif;\">Soin LaHoChi (recommand\u00e9 pour un 1er soin) 1h : 60\u20ac<\/span><\/span><\/p><\/li><li><p><span style=\"color: #000000;\"><span style=\"font-family: inherit, serif;\">Soin LaHoChi 13e Octave (recommand\u00e9 pour un soin plus approfondi) 1h15 : 70\u20ac<\/span><\/span><\/p><\/li><\/ul>\t\t\t\t\t\t\t\t<\/div>\n\t\t\t\t<\/div>\n\t\t\t\t<div class=\"elementor-element elementor-element-af7fc2b elementor-widget elementor-widget-spacer\" data-id=\"af7fc2b\" data-element_type=\"widget\" data-e-type=\"widget\" data-widget_type=\"spacer.default\">\n\t\t\t\t<div class=\"elementor-widget-container\">\n\t\t\t\t\t\t\t<div class=\"elementor-spacer\">\n\t\t\t<div class=\"elementor-spacer-inner\"><\/div>\n\t\t<\/div>\n\t\t\t\t\t\t<\/div>\n\t\t\t\t<\/div>\n\t\t\t\t<div class=\"elementor-element elementor-element-0680076 elementor-widget elementor-widget-heading\" data-id=\"0680076\" data-element_type=\"widget\" data-e-type=\"widget\" data-widget_type=\"heading.default\">\n\t\t\t\t<div class=\"elementor-widget-container\">\n\t\t\t\t\t<h2 class=\"elementor-heading-title elementor-size-default\">Modalit\u00e9s de paiement\u00a0:<\/h2>\t\t\t\t<\/div>\n\t\t\t\t<\/div>\n\t\t\t\t<div class=\"elementor-element elementor-element-27b125b elementor-widget elementor-widget-text-editor\" data-id=\"27b125b\" data-element_type=\"widget\" data-e-type=\"widget\" data-widget_type=\"text-editor.default\">\n\t\t\t\t<div class=\"elementor-widget-container\">\n\t\t\t\t\t\t\t\t\t<p><span style=\"color: #000000;\"><span style=\"font-family: inherit, serif;\">Le r\u00e8glement de la s\u00e9ance sera \u00e0 effectuer 48h avant la date du rendez-vous, except\u00e9 les demandes urgentes :<\/span><\/span><\/p><ul><li>par Wero au 0668015639<\/li><li>par virement bancaire<\/li><li>par Paypal sur contact@communic-ames.com (s\u00e9lectionner <strong><b>\u00ab<\/b>entre proches<b>\u00bb<\/b><\/strong>)<\/li><li>par esp\u00e8ces (possible uniquement en pr\u00e9sentiel)<\/li><\/ul>\t\t\t\t\t\t\t\t<\/div>\n\t\t\t\t<\/div>\n\t\t\t\t\t<\/div>\n\t\t\t\t<\/div>\n\t\t\t\t<\/div>\n\t\t","protected":false},"excerpt":{"rendered":"<p>Modalit\u00e9s de consultation : Je vous propose plusieurs m\u00e9thodes pour la consultation en distanciel. Je vous demande le jour de la s\u00e9ance, le pr\u00e9nom de la personne ou de l&rsquo;animal concern\u00e9, une photographie dans la mesure du possible ainsi que toutes les questions pr\u00e9par\u00e9es en amont par vos soins. Communications d&rsquo;\u00e2mes et animale : Whatsapp [&hellip;]<\/p>\n","protected":false},"author":1,"featured_media":0,"parent":0,"menu_order":0,"comment_status":"closed","ping_status":"closed","template":"","meta":{"ocean_post_layout":"","ocean_both_sidebars_style":"","ocean_both_sidebars_content_width":0,"ocean_both_sidebars_sidebars_width":0,"ocean_sidebar":"","ocean_second_sidebar":"","ocean_disable_margins":"enable","ocean_add_body_class":"","ocean_shortcode_before_top_bar":"","ocean_shortcode_after_top_bar":"","ocean_shortcode_before_header":"","ocean_shortcode_after_header":"","ocean_has_shortcode":"","ocean_shortcode_after_title":"","ocean_shortcode_before_footer_widgets":"","ocean_shortcode_after_footer_widgets":"","ocean_shortcode_before_footer_bottom":"","ocean_shortcode_after_footer_bottom":"","ocean_display_top_bar":"default","ocean_display_header":"default","ocean_header_style":"","ocean_center_header_left_menu":"","ocean_custom_header_template":"","ocean_custom_logo":0,"ocean_custom_retina_logo":0,"ocean_custom_logo_max_width":0,"ocean_custom_logo_tablet_max_width":0,"ocean_custom_logo_mobile_max_width":0,"ocean_custom_logo_max_height":0,"ocean_custom_logo_tablet_max_height":0,"ocean_custom_logo_mobile_max_height":0,"ocean_header_custom_menu":"","ocean_menu_typo_font_family":"","ocean_menu_typo_font_subset":"","ocean_menu_typo_font_size":0,"ocean_menu_typo_font_size_tablet":0,"ocean_menu_typo_font_size_mobile":0,"ocean_menu_typo_font_size_unit":"px","ocean_menu_typo_font_weight":"","ocean_menu_typo_font_weight_tablet":"","ocean_menu_typo_font_weight_mobile":"","ocean_menu_typo_transform":"","ocean_menu_typo_transform_tablet":"","ocean_menu_typo_transform_mobile":"","ocean_menu_typo_line_height":0,"ocean_menu_typo_line_height_tablet":0,"ocean_menu_typo_line_height_mobile":0,"ocean_menu_typo_line_height_unit":"","ocean_menu_typo_spacing":0,"ocean_menu_typo_spacing_tablet":0,"ocean_menu_typo_spacing_mobile":0,"ocean_menu_typo_spacing_unit":"","ocean_menu_link_color":"","ocean_menu_link_color_hover":"","ocean_menu_link_color_active":"","ocean_menu_link_background":"","ocean_menu_link_hover_background":"","ocean_menu_link_active_background":"","ocean_menu_social_links_bg":"","ocean_menu_social_hover_links_bg":"","ocean_menu_social_links_color":"","ocean_menu_social_hover_links_color":"","ocean_disable_title":"on","ocean_disable_heading":"default","ocean_post_title":"","ocean_post_subheading":"","ocean_post_title_style":"","ocean_post_title_background_color":"","ocean_post_title_background":0,"ocean_post_title_bg_image_position":"","ocean_post_title_bg_image_attachment":"","ocean_post_title_bg_image_repeat":"","ocean_post_title_bg_image_size":"","ocean_post_title_height":0,"ocean_post_title_bg_overlay":0.5,"ocean_post_title_bg_overlay_color":"","ocean_disable_breadcrumbs":"default","ocean_breadcrumbs_color":"","ocean_breadcrumbs_separator_color":"","ocean_breadcrumbs_links_color":"","ocean_breadcrumbs_links_hover_color":"","ocean_display_footer_widgets":"default","ocean_display_footer_bottom":"default","ocean_custom_footer_template":"","footnotes":""},"class_list":["post-135","page","type-page","status-publish","hentry","entry"],"yoast_head":"<!-- This site is optimized with the Yoast SEO plugin v27.4 - https:\/\/yoast.com\/product\/yoast-seo-wordpress\/ -->\n<title>Consultation et tarifs - Communic&#039;\u00e2mes<\/title>\n<meta name=\"robots\" content=\"index, follow, max-snippet:-1, max-image-preview:large, max-video-preview:-1\" \/>\n<link rel=\"canonical\" href=\"https:\/\/www.communic-ames.com\/index.php\/consultation-et-tarifs\/\" \/>\n<meta property=\"og:locale\" content=\"fr_FR\" \/>\n<meta property=\"og:type\" content=\"article\" \/>\n<meta property=\"og:title\" content=\"Consultation et tarifs - Communic&#039;\u00e2mes\" \/>\n<meta property=\"og:description\" content=\"Modalit\u00e9s de consultation : Je vous propose plusieurs m\u00e9thodes pour la consultation en distanciel. Je vous demande le jour de la s\u00e9ance, le pr\u00e9nom de la personne ou de l&rsquo;animal concern\u00e9, une photographie dans la mesure du possible ainsi que toutes les questions pr\u00e9par\u00e9es en amont par vos soins. Communications d&rsquo;\u00e2mes et animale : Whatsapp [&hellip;]\" \/>\n<meta property=\"og:url\" content=\"https:\/\/www.communic-ames.com\/index.php\/consultation-et-tarifs\/\" \/>\n<meta property=\"og:site_name\" content=\"Communic&#039;\u00e2mes\" \/>\n<meta property=\"article:modified_time\" content=\"2026-01-12T12:35:46+00:00\" \/>\n<meta name=\"twitter:card\" content=\"summary_large_image\" \/>\n<meta name=\"twitter:label1\" content=\"Dur\u00e9e de lecture estim\u00e9e\" \/>\n\t<meta name=\"twitter:data1\" content=\"2 minutes\" \/>\n<script type=\"application\/ld+json\" class=\"yoast-schema-graph\">{\"@context\":\"https:\\\/\\\/schema.org\",\"@graph\":[{\"@type\":\"WebPage\",\"@id\":\"https:\\\/\\\/www.communic-ames.com\\\/index.php\\\/consultation-et-tarifs\\\/\",\"url\":\"https:\\\/\\\/www.communic-ames.com\\\/index.php\\\/consultation-et-tarifs\\\/\",\"name\":\"Consultation et tarifs - Communic&#039;\u00e2mes\",\"isPartOf\":{\"@id\":\"https:\\\/\\\/www.communic-ames.com\\\/#website\"},\"datePublished\":\"2025-04-01T13:51:03+00:00\",\"dateModified\":\"2026-01-12T12:35:46+00:00\",\"breadcrumb\":{\"@id\":\"https:\\\/\\\/www.communic-ames.com\\\/index.php\\\/consultation-et-tarifs\\\/#breadcrumb\"},\"inLanguage\":\"fr-FR\",\"potentialAction\":[{\"@type\":\"ReadAction\",\"target\":[\"https:\\\/\\\/www.communic-ames.com\\\/index.php\\\/consultation-et-tarifs\\\/\"]}]},{\"@type\":\"BreadcrumbList\",\"@id\":\"https:\\\/\\\/www.communic-ames.com\\\/index.php\\\/consultation-et-tarifs\\\/#breadcrumb\",\"itemListElement\":[{\"@type\":\"ListItem\",\"position\":1,\"name\":\"Accueil\",\"item\":\"https:\\\/\\\/www.communic-ames.com\\\/\"},{\"@type\":\"ListItem\",\"position\":2,\"name\":\"Consultation et tarifs\"}]},{\"@type\":\"WebSite\",\"@id\":\"https:\\\/\\\/www.communic-ames.com\\\/#website\",\"url\":\"https:\\\/\\\/www.communic-ames.com\\\/\",\"name\":\"www.communic-ames.com\",\"description\":\"\",\"publisher\":{\"@id\":\"https:\\\/\\\/www.communic-ames.com\\\/#organization\"},\"potentialAction\":[{\"@type\":\"SearchAction\",\"target\":{\"@type\":\"EntryPoint\",\"urlTemplate\":\"https:\\\/\\\/www.communic-ames.com\\\/?s={search_term_string}\"},\"query-input\":{\"@type\":\"PropertyValueSpecification\",\"valueRequired\":true,\"valueName\":\"search_term_string\"}}],\"inLanguage\":\"fr-FR\"},{\"@type\":\"Organization\",\"@id\":\"https:\\\/\\\/www.communic-ames.com\\\/#organization\",\"name\":\"Communic'\u00e2mes\",\"url\":\"https:\\\/\\\/www.communic-ames.com\\\/\",\"logo\":{\"@type\":\"ImageObject\",\"inLanguage\":\"fr-FR\",\"@id\":\"https:\\\/\\\/www.communic-ames.com\\\/#\\\/schema\\\/logo\\\/image\\\/\",\"url\":\"https:\\\/\\\/www.communic-ames.com\\\/wp-content\\\/uploads\\\/2025\\\/12\\\/cropped-Logo-Communicames3.png\",\"contentUrl\":\"https:\\\/\\\/www.communic-ames.com\\\/wp-content\\\/uploads\\\/2025\\\/12\\\/cropped-Logo-Communicames3.png\",\"width\":1563,\"height\":858,\"caption\":\"Communic'\u00e2mes\"},\"image\":{\"@id\":\"https:\\\/\\\/www.communic-ames.com\\\/#\\\/schema\\\/logo\\\/image\\\/\"}}]}<\/script>\n<!-- \/ Yoast SEO plugin. -->","yoast_head_json":{"title":"Consultation et tarifs - Communic&#039;\u00e2mes","robots":{"index":"index","follow":"follow","max-snippet":"max-snippet:-1","max-image-preview":"max-image-preview:large","max-video-preview":"max-video-preview:-1"},"canonical":"https:\/\/www.communic-ames.com\/index.php\/consultation-et-tarifs\/","og_locale":"fr_FR","og_type":"article","og_title":"Consultation et tarifs - Communic&#039;\u00e2mes","og_description":"Modalit\u00e9s de consultation : Je vous propose plusieurs m\u00e9thodes pour la consultation en distanciel. Je vous demande le jour de la s\u00e9ance, le pr\u00e9nom de la personne ou de l&rsquo;animal concern\u00e9, une photographie dans la mesure du possible ainsi que toutes les questions pr\u00e9par\u00e9es en amont par vos soins. Communications d&rsquo;\u00e2mes et animale : Whatsapp [&hellip;]","og_url":"https:\/\/www.communic-ames.com\/index.php\/consultation-et-tarifs\/","og_site_name":"Communic&#039;\u00e2mes","article_modified_time":"2026-01-12T12:35:46+00:00","twitter_card":"summary_large_image","twitter_misc":{"Dur\u00e9e de lecture estim\u00e9e":"2 minutes"},"schema":{"@context":"https:\/\/schema.org","@graph":[{"@type":"WebPage","@id":"https:\/\/www.communic-ames.com\/index.php\/consultation-et-tarifs\/","url":"https:\/\/www.communic-ames.com\/index.php\/consultation-et-tarifs\/","name":"Consultation et tarifs - Communic&#039;\u00e2mes","isPartOf":{"@id":"https:\/\/www.communic-ames.com\/#website"},"datePublished":"2025-04-01T13:51:03+00:00","dateModified":"2026-01-12T12:35:46+00:00","breadcrumb":{"@id":"https:\/\/www.communic-ames.com\/index.php\/consultation-et-tarifs\/#breadcrumb"},"inLanguage":"fr-FR","potentialAction":[{"@type":"ReadAction","target":["https:\/\/www.communic-ames.com\/index.php\/consultation-et-tarifs\/"]}]},{"@type":"BreadcrumbList","@id":"https:\/\/www.communic-ames.com\/index.php\/consultation-et-tarifs\/#breadcrumb","itemListElement":[{"@type":"ListItem","position":1,"name":"Accueil","item":"https:\/\/www.communic-ames.com\/"},{"@type":"ListItem","position":2,"name":"Consultation et tarifs"}]},{"@type":"WebSite","@id":"https:\/\/www.communic-ames.com\/#website","url":"https:\/\/www.communic-ames.com\/","name":"www.communic-ames.com","description":"","publisher":{"@id":"https:\/\/www.communic-ames.com\/#organization"},"potentialAction":[{"@type":"SearchAction","target":{"@type":"EntryPoint","urlTemplate":"https:\/\/www.communic-ames.com\/?s={search_term_string}"},"query-input":{"@type":"PropertyValueSpecification","valueRequired":true,"valueName":"search_term_string"}}],"inLanguage":"fr-FR"},{"@type":"Organization","@id":"https:\/\/www.communic-ames.com\/#organization","name":"Communic'\u00e2mes","url":"https:\/\/www.communic-ames.com\/","logo":{"@type":"ImageObject","inLanguage":"fr-FR","@id":"https:\/\/www.communic-ames.com\/#\/schema\/logo\/image\/","url":"https:\/\/www.communic-ames.com\/wp-content\/uploads\/2025\/12\/cropped-Logo-Communicames3.png","contentUrl":"https:\/\/www.communic-ames.com\/wp-content\/uploads\/2025\/12\/cropped-Logo-Communicames3.png","width":1563,"height":858,"caption":"Communic'\u00e2mes"},"image":{"@id":"https:\/\/www.communic-ames.com\/#\/schema\/logo\/image\/"}}]}},"_links":{"self":[{"href":"https:\/\/www.communic-ames.com\/index.php\/wp-json\/wp\/v2\/pages\/135","targetHints":{"allow":["GET"]}}],"collection":[{"href":"https:\/\/www.communic-ames.com\/index.php\/wp-json\/wp\/v2\/pages"}],"about":[{"href":"https:\/\/www.communic-ames.com\/index.php\/wp-json\/wp\/v2\/types\/page"}],"author":[{"embeddable":true,"href":"https:\/\/www.communic-ames.com\/index.php\/wp-json\/wp\/v2\/users\/1"}],"replies":[{"embeddable":true,"href":"https:\/\/www.communic-ames.com\/index.php\/wp-json\/wp\/v2\/comments?post=135"}],"version-history":[{"count":32,"href":"https:\/\/www.communic-ames.com\/index.php\/wp-json\/wp\/v2\/pages\/135\/revisions"}],"predecessor-version":[{"id":533,"href":"https:\/\/www.communic-ames.com\/index.php\/wp-json\/wp\/v2\/pages\/135\/revisions\/533"}],"wp:attachment":[{"href":"https:\/\/www.communic-ames.com\/index.php\/wp-json\/wp\/v2\/media?parent=135"}],"curies":[{"name":"wp","href":"https:\/\/api.w.org\/{rel}","templated":true}]}}