{"id":310,"date":"2025-04-21T15:01:39","date_gmt":"2025-04-21T13:01:39","guid":{"rendered":"https:\/\/www.communic-ames.com\/?page_id=310"},"modified":"2025-04-21T15:01:40","modified_gmt":"2025-04-21T13:01:40","slug":"conditions-generales-de-vente","status":"publish","type":"page","link":"https:\/\/www.communic-ames.com\/index.php\/conditions-generales-de-vente\/","title":{"rendered":"Conditions g\u00e9n\u00e9rales de vente"},"content":{"rendered":"\n<p class=\"has-x-large-font-size\"><strong>Article 1 : Objet et champ d\u2019application<\/strong><\/p>\n\n\n\n<p>Les pr\u00e9sentes Conditions G\u00e9n\u00e9rales de Vente (ci-apr\u00e8s \u00ab CGV \u00bb) ont pour objet de d\u00e9finir les modalit\u00e9s et conditions dans lesquelles Yis HEU (ci-apr\u00e8s \u00ab le Prestataire \u00bb) fournit des prestations de services \u00e0 destination de consommateurs (ci-apr\u00e8s \u00ab le Client \u00bb).<\/p>\n\n\n\n<p>Elles s\u2019appliquent \u00e0 toutes les offres de services et \u00e0 toutes les commandes pass\u00e9es par le Client aupr\u00e8s du Prestataire, \u00e0 l\u2019exclusion de tout autre document. Le fait pour le Client de passer commande implique son adh\u00e9sion pleine et enti\u00e8re aux pr\u00e9sentes CGV.<\/p>\n\n\n\n<p class=\"has-x-large-font-size\"><strong>Article 2 : Identification du Prestataire<\/strong><\/p>\n\n\n\n<ul class=\"wp-block-list\">\n<li>Raison sociale : Yis HEU \/ Communic&rsquo;\u00e2mes<\/li>\n\n\n\n<li>Forme juridique : EI<\/li>\n\n\n\n<li>Adresse du si\u00e8ge social : 314 rue des Chardonnerets 45770 SARAN<\/li>\n\n\n\n<li>SIRET : 95204492300011<\/li>\n\n\n\n<li>Repr\u00e9sentant l\u00e9gal : Yis HEU<\/li>\n\n\n\n<li>T\u00e9l\u00e9phone : 06 68 01 56 39<\/li>\n\n\n\n<li>E-mail : contact@communic-ames.com<\/li>\n\n\n\n<li>Site internet\u00a0: <a href=\"https:\/\/www.communic-ames.com\/\">https:\/\/www.communic-ames.com<\/a><\/li>\n<\/ul>\n\n\n\n<p class=\"has-x-large-font-size\"><strong>Article 3 : Services propos\u00e9s<\/strong><\/p>\n\n\n\n<h3 class=\"wp-block-heading has-large-font-size\"><strong>Description des services<\/strong><\/h3>\n\n\n\n<p>Le Prestataire propose des prestations de services en communication d&rsquo;\u00e2mes \u00e0 \u00e2mes, communication animale, guidance personnelle et soins \u00e9nerg\u00e9tiques LaHoChi dont les caract\u00e9ristiques essentielles sont pr\u00e9sent\u00e9es sur le site <a href=\"https:\/\/www.communic-ames.com\/\">https:\/\/www.communic-ames.com<\/a>.<\/p>\n\n\n\n<h3 class=\"wp-block-heading has-large-font-size\">Limitations<\/h3>\n\n\n\n<p>Le Prestataire se r\u00e9serve le droit de modifier \u00e0 tout moment l\u2019offre de service sans pour autant porter atteinte aux commandes en cours.<\/p>\n\n\n\n<p class=\"has-x-large-font-size\"><strong>Article 4 : Processus de commande<\/strong><\/p>\n\n\n\n<h3 class=\"wp-block-heading has-large-font-size\"><a><\/a>Demande<\/h3>\n\n\n\n<p>Le Client peut contacter le Prestataire pour obtenir un descriptif des services propos\u00e9s. Le descriptif pr\u00e9cise la nature de la prestation, son prix et ses modalit\u00e9s d\u2019ex\u00e9cution (d\u00e9lais, \u00e9ventuels pr\u00e9requis, etc.).<\/p>\n\n\n\n<h3 class=\"wp-block-heading has-large-font-size\"><a><\/a>Validation de la commande<\/h3>\n\n\n\n<p>La commande est consid\u00e9r\u00e9e comme ferme et d\u00e9finitive lorsque le Client a<\/p>\n\n\n\n<ul class=\"wp-block-list\">\n<li>Accept\u00e9 la proposition,<\/li>\n\n\n\n<li>Pay\u00e9 la s\u00e9ance,<\/li>\n\n\n\n<li>Pris connaissance et accept\u00e9 les pr\u00e9sentes CGV.<\/li>\n<\/ul>\n\n\n\n<h3 class=\"wp-block-heading has-large-font-size\"><a><\/a>Modification ou annulation<\/h3>\n\n\n\n<p>Toute demande de modification ou d\u2019annulation de commande apr\u00e8s validation doit \u00eatre soumise \u00e0 l\u2019accord \u00e9crit du Prestataire. Le Prestataire se r\u00e9serve le droit d\u2019appliquer des frais d\u2019annulation en cas de demande tardive ou de co\u00fbts d\u00e9j\u00e0 engag\u00e9s.<\/p>\n\n\n\n<p class=\"has-x-large-font-size\"><strong>Article 5 : Tarifs et conditions de paiement<\/strong><\/p>\n\n\n\n<h3 class=\"wp-block-heading has-large-font-size\"><a><\/a>Tarifs<\/h3>\n\n\n\n<p>Les tarifs sont exprim\u00e9s en euros, toutes taxes comprises (TTC), sauf mention contraire. Ils sont affich\u00e9s sur <a href=\"https:\/\/www.communic-ames.com\/\">https:\/\/www.communic-ames.com<\/a>. Le Prestataire se r\u00e9serve le droit de modifier ses tarifs \u00e0 tout moment, mais le prix appliqu\u00e9 sera celui en vigueur au moment de la commande valid\u00e9e.<\/p>\n\n\n\n<p>Les \u00e9ventuels rabais, remises ou ristournes accord\u00e9s par le Prestataire seront communiqu\u00e9s avant la validation de la commande, en fonction des offres promotionnelles ou conditions sp\u00e9cifiques applicables.<\/p>\n\n\n\n<h3 class=\"wp-block-heading has-large-font-size\"><a><\/a>Paiement<\/h3>\n\n\n\n<p>Le paiement peut s\u2019effectuer selon les modalit\u00e9s indiqu\u00e9es (par virement, Wero, Paypal, par esp\u00e8ces uniquement en pr\u00e9sentiel). Le r\u00e8glement total doit \u00eatre effectu\u00e9 selon les termes convenus (48h avant la date du rendez-vous).<\/p>\n\n\n\n<h3 class=\"wp-block-heading has-large-font-size\">Retard de paiement<\/h3>\n\n\n\n<p>Tout retard de paiement pourra donner lieu \u00e0 l\u2019application de p\u00e9nalit\u00e9s de retard et d\u2019une indemnit\u00e9 forfaitaire de recouvrement, conform\u00e9ment aux dispositions l\u00e9gales en vigueur. Le Prestataire se r\u00e9serve le droit de suspendre l\u2019ex\u00e9cution de ses obligations en cas de non-paiement.<\/p>\n\n\n\n<p class=\"has-x-large-font-size\"><strong>Article 6 : Ex\u00e9cution des prestations<\/strong><\/p>\n\n\n\n<h3 class=\"wp-block-heading has-large-font-size\"><a><\/a>D\u00e9lai d\u2019ex\u00e9cution<\/h3>\n\n\n\n<p>Les prestations sont ex\u00e9cut\u00e9es dans les d\u00e9lais indiqu\u00e9s lors de la commande. Ces d\u00e9lais sont fournis \u00e0 titre indicatif. Le Prestataire met tout en \u0153uvre pour respecter les d\u00e9lais, mais ne saurait \u00eatre tenu responsable des retards imputables au Client ou \u00e0 un cas de force majeure.<\/p>\n\n\n\n<h3 class=\"wp-block-heading has-large-font-size\"><a><\/a>Obligations du Prestataire<\/h3>\n\n\n\n<p>Le Prestataire est tenu \u00e0 une obligation de moyens : il mettra en \u0153uvre toutes les comp\u00e9tences et ressources n\u00e9cessaires pour r\u00e9aliser la prestation conform\u00e9ment au descriptif.<\/p>\n\n\n\n<h3 class=\"wp-block-heading has-large-font-size\"><a><\/a>Obligations du Client<\/h3>\n\n\n\n<p>Le Client s\u2019engage \u00e0 :<\/p>\n\n\n\n<ul class=\"wp-block-list\">\n<li>Fournir toutes les informations n\u00e9cessaires \u00e0 la bonne r\u00e9alisation de la prestation,<\/li>\n\n\n\n<li>Collaborer activement avec le Prestataire,<\/li>\n\n\n\n<li>Respecter les \u00e9ventuelles consignes ou pr\u00e9requis techniques.<\/li>\n<\/ul>\n\n\n\n<p class=\"has-x-large-font-size\"><strong>Article 7 : Droit de r\u00e9tractation (pour les contrats conclus \u00e0 distance)<\/strong><\/p>\n\n\n\n<h3 class=\"wp-block-heading has-large-font-size\"><a><\/a>Principe<\/h3>\n\n\n\n<p>Conform\u00e9ment \u00e0 l\u2019article L221-18 du Code de la consommation (France) ou r\u00e9glementation \u00e9quivalente dans votre pays, le Client dispose d\u2019un d\u00e9lai de 14 jours \u00e0 compter de la conclusion du contrat pour exercer son droit de r\u00e9tractation sans donner de motif ni payer de p\u00e9nalit\u00e9.<\/p>\n\n\n\n<h3 class=\"wp-block-heading has-large-font-size\"><a><\/a>Exceptions<\/h3>\n\n\n\n<p>Le Client reconna\u00eet que, conform\u00e9ment \u00e0 l\u2019article L221-28 du Code de la consommation (ou \u00e9quivalent local), le droit de r\u00e9tractation ne s\u2019applique pas aux prestations de services pleinement ex\u00e9cut\u00e9es avant la fin du d\u00e9lai r\u00e9tractation ou dans d\u2019autres cas sp\u00e9cifiques (ex. : prestations personnalis\u00e9es urgentes, etc.).<\/p>\n\n\n\n<h3 class=\"wp-block-heading has-large-font-size\"><a><\/a>Modalit\u00e9s d\u2019exercice<\/h3>\n\n\n\n<p>Pour exercer ce droit, le Client doit notifier sa d\u00e9cision au Prestataire (courrier recommand\u00e9, e-mail, etc.). Le Prestataire remboursera le Client des sommes vers\u00e9es dans un d\u00e9lai de 14 jours suivant la r\u00e9ception de la demande de r\u00e9tractation.<\/p>\n\n\n\n<p class=\"has-x-large-font-size\"><strong>Article 8 : Responsabilit\u00e9<\/strong><\/p>\n\n\n\n<h3 class=\"wp-block-heading has-large-font-size\"><a><\/a>Limitation de responsabilit\u00e9<\/h3>\n\n\n\n<p>Le Prestataire ne saurait \u00eatre tenu pour responsable des dommages indirects (perte d\u2019opportunit\u00e9, perte de chiffre d\u2019affaires, etc.) subis par le Client. La responsabilit\u00e9 du Prestataire est limit\u00e9e au montant pay\u00e9 par le Client pour la prestation litigieuse.<\/p>\n\n\n\n<h3 class=\"wp-block-heading has-large-font-size\"><a><\/a>Force majeure<\/h3>\n\n\n\n<p>Aucune des parties ne pourra \u00eatre tenue responsable si l\u2019ex\u00e9cution du contrat est retard\u00e9e ou emp\u00each\u00e9e par un cas de force majeure (gr\u00e8ve, pand\u00e9mie, catastrophe naturelle, etc.). Les obligations sont alors suspendues pendant la dur\u00e9e de l\u2019\u00e9v\u00e9nement.<\/p>\n\n\n\n<p><strong>Assurance responsabilit\u00e9 professionnelle<\/strong><\/p>\n\n\n\n<p>MAIF<\/p>\n\n\n\n<p>Soci\u00e9t\u00e9 d&rsquo;assurance mutuelle \u00e0 cotisations variables<\/p>\n\n\n\n<p>CS 90000 \u2013 79038 Niort cedex 9<\/p>\n\n\n\n<p class=\"has-x-large-font-size\"><strong>Article 9 : Propri\u00e9t\u00e9 intellectuelle<\/strong><\/p>\n\n\n\n<p>Sauf dispositions contraires, le Prestataire reste le titulaire exclusif des droits de propri\u00e9t\u00e9 intellectuelle sur les \u00e9l\u00e9ments (documents, m\u00e9thodes, outils) fournis dans le cadre de la prestation. Le Client dispose d\u2019un droit d\u2019utilisation strictement personnel et non cessible. Toute reproduction ou repr\u00e9sentation sans autorisation pr\u00e9alable est interdite.<\/p>\n\n\n\n<p class=\"has-x-large-font-size\"><strong>Article 10 : Donn\u00e9es personnelles<\/strong><\/p>\n\n\n\n<p>Le Prestataire collecte et traite les donn\u00e9es personnelles du Client conform\u00e9ment \u00e0 la l\u00e9gislation en vigueur (RGPD, Loi Informatique et Libert\u00e9s, etc.). Le Client dispose d\u2019un droit d\u2019acc\u00e8s, de rectification, d\u2019effacement et d\u2019opposition pour des motifs l\u00e9gitimes, qu\u2019il peut exercer en contactant le Prestataire (coordonn\u00e9es indiqu\u00e9es \u00e0 l\u2019article 2).<\/p>\n\n\n\n<p class=\"has-x-large-font-size\"><strong>Article 11 : M\u00e9diation et r\u00e8glement des litiges<\/strong><\/p>\n\n\n\n<h3 class=\"wp-block-heading has-large-font-size\"><a><\/a>R\u00e9clamation<\/h3>\n\n\n\n<p>En cas de litige, le Client est invit\u00e9 \u00e0 contacter le Prestataire pour trouver une solution amiable.<\/p>\n\n\n\n<h3 class=\"wp-block-heading has-large-font-size\"><a><\/a>Tribunal comp\u00e9tent<\/h3>\n\n\n\n<p>\u00c0 d\u00e9faut d\u2019accord amiable, tout litige sera port\u00e9 devant les tribunaux comp\u00e9tents du lieu du domicile du Client ou selon la l\u00e9gislation applicable, sous r\u00e9serve des dispositions l\u00e9gales d\u2019ordre public.<\/p>\n\n\n\n<p class=\"has-x-large-font-size\"><strong>Article 12 : Dispositions finales<\/strong><\/p>\n\n\n\n<p>Si l\u2019une des clauses des pr\u00e9sentes CGV est d\u00e9clar\u00e9e nulle ou inapplicable, les autres dispositions resteront pleinement en vigueur.<\/p>\n\n\n\n<p><\/p>\n","protected":false},"excerpt":{"rendered":"<p>Article 1 : Objet et champ d\u2019application Les pr\u00e9sentes Conditions G\u00e9n\u00e9rales de Vente (ci-apr\u00e8s \u00ab CGV \u00bb) ont pour objet de d\u00e9finir les modalit\u00e9s et conditions dans lesquelles Yis HEU (ci-apr\u00e8s \u00ab le Prestataire \u00bb) fournit des prestations de services \u00e0 destination de consommateurs (ci-apr\u00e8s \u00ab le Client \u00bb). Elles s\u2019appliquent \u00e0 toutes les offres [&hellip;]<\/p>\n","protected":false},"author":1,"featured_media":0,"parent":0,"menu_order":0,"comment_status":"closed","ping_status":"closed","template":"","meta":{"ocean_post_layout":"","ocean_both_sidebars_style":"","ocean_both_sidebars_content_width":0,"ocean_both_sidebars_sidebars_width":0,"ocean_sidebar":"","ocean_second_sidebar":"","ocean_disable_margins":"enable","ocean_add_body_class":"","ocean_shortcode_before_top_bar":"","ocean_shortcode_after_top_bar":"","ocean_shortcode_before_header":"","ocean_shortcode_after_header":"","ocean_has_shortcode":"","ocean_shortcode_after_title":"","ocean_shortcode_before_footer_widgets":"","ocean_shortcode_after_footer_widgets":"","ocean_shortcode_before_footer_bottom":"","ocean_shortcode_after_footer_bottom":"","ocean_display_top_bar":"default","ocean_display_header":"default","ocean_header_style":"","ocean_center_header_left_menu":"","ocean_custom_header_template":"","ocean_custom_logo":0,"ocean_custom_retina_logo":0,"ocean_custom_logo_max_width":0,"ocean_custom_logo_tablet_max_width":0,"ocean_custom_logo_mobile_max_width":0,"ocean_custom_logo_max_height":0,"ocean_custom_logo_tablet_max_height":0,"ocean_custom_logo_mobile_max_height":0,"ocean_header_custom_menu":"","ocean_menu_typo_font_family":"","ocean_menu_typo_font_subset":"","ocean_menu_typo_font_size":0,"ocean_menu_typo_font_size_tablet":0,"ocean_menu_typo_font_size_mobile":0,"ocean_menu_typo_font_size_unit":"px","ocean_menu_typo_font_weight":"","ocean_menu_typo_font_weight_tablet":"","ocean_menu_typo_font_weight_mobile":"","ocean_menu_typo_transform":"","ocean_menu_typo_transform_tablet":"","ocean_menu_typo_transform_mobile":"","ocean_menu_typo_line_height":0,"ocean_menu_typo_line_height_tablet":0,"ocean_menu_typo_line_height_mobile":0,"ocean_menu_typo_line_height_unit":"","ocean_menu_typo_spacing":0,"ocean_menu_typo_spacing_tablet":0,"ocean_menu_typo_spacing_mobile":0,"ocean_menu_typo_spacing_unit":"","ocean_menu_link_color":"","ocean_menu_link_color_hover":"","ocean_menu_link_color_active":"","ocean_menu_link_background":"","ocean_menu_link_hover_background":"","ocean_menu_link_active_background":"","ocean_menu_social_links_bg":"","ocean_menu_social_hover_links_bg":"","ocean_menu_social_links_color":"","ocean_menu_social_hover_links_color":"","ocean_disable_title":"default","ocean_disable_heading":"default","ocean_post_title":"","ocean_post_subheading":"","ocean_post_title_style":"","ocean_post_title_background_color":"","ocean_post_title_background":0,"ocean_post_title_bg_image_position":"","ocean_post_title_bg_image_attachment":"","ocean_post_title_bg_image_repeat":"","ocean_post_title_bg_image_size":"","ocean_post_title_height":0,"ocean_post_title_bg_overlay":0.5,"ocean_post_title_bg_overlay_color":"","ocean_disable_breadcrumbs":"default","ocean_breadcrumbs_color":"","ocean_breadcrumbs_separator_color":"","ocean_breadcrumbs_links_color":"","ocean_breadcrumbs_links_hover_color":"","ocean_display_footer_widgets":"default","ocean_display_footer_bottom":"default","ocean_custom_footer_template":"","footnotes":""},"class_list":["post-310","page","type-page","status-publish","hentry","entry"],"yoast_head":"<!-- This site is optimized with the Yoast SEO plugin v27.4 - https:\/\/yoast.com\/product\/yoast-seo-wordpress\/ -->\n<title>Conditions g\u00e9n\u00e9rales de vente - Communic&#039;\u00e2mes<\/title>\n<meta name=\"robots\" content=\"index, follow, max-snippet:-1, max-image-preview:large, max-video-preview:-1\" \/>\n<link rel=\"canonical\" href=\"https:\/\/www.communic-ames.com\/index.php\/conditions-generales-de-vente\/\" \/>\n<meta property=\"og:locale\" content=\"fr_FR\" \/>\n<meta property=\"og:type\" content=\"article\" \/>\n<meta property=\"og:title\" content=\"Conditions g\u00e9n\u00e9rales de vente - Communic&#039;\u00e2mes\" \/>\n<meta property=\"og:description\" content=\"Article 1 : Objet et champ d\u2019application Les pr\u00e9sentes Conditions G\u00e9n\u00e9rales de Vente (ci-apr\u00e8s \u00ab CGV \u00bb) ont pour objet de d\u00e9finir les modalit\u00e9s et conditions dans lesquelles Yis HEU (ci-apr\u00e8s \u00ab le Prestataire \u00bb) fournit des prestations de services \u00e0 destination de consommateurs (ci-apr\u00e8s \u00ab le Client \u00bb). Elles s\u2019appliquent \u00e0 toutes les offres [&hellip;]\" \/>\n<meta property=\"og:url\" content=\"https:\/\/www.communic-ames.com\/index.php\/conditions-generales-de-vente\/\" \/>\n<meta property=\"og:site_name\" content=\"Communic&#039;\u00e2mes\" \/>\n<meta property=\"article:modified_time\" content=\"2025-04-21T13:01:40+00:00\" \/>\n<meta name=\"twitter:card\" content=\"summary_large_image\" \/>\n<meta name=\"twitter:label1\" content=\"Dur\u00e9e de lecture estim\u00e9e\" \/>\n\t<meta name=\"twitter:data1\" content=\"6 minutes\" \/>\n<script type=\"application\/ld+json\" class=\"yoast-schema-graph\">{\"@context\":\"https:\\\/\\\/schema.org\",\"@graph\":[{\"@type\":\"WebPage\",\"@id\":\"https:\\\/\\\/www.communic-ames.com\\\/index.php\\\/conditions-generales-de-vente\\\/\",\"url\":\"https:\\\/\\\/www.communic-ames.com\\\/index.php\\\/conditions-generales-de-vente\\\/\",\"name\":\"Conditions g\u00e9n\u00e9rales de vente - Communic&#039;\u00e2mes\",\"isPartOf\":{\"@id\":\"https:\\\/\\\/www.communic-ames.com\\\/#website\"},\"datePublished\":\"2025-04-21T13:01:39+00:00\",\"dateModified\":\"2025-04-21T13:01:40+00:00\",\"breadcrumb\":{\"@id\":\"https:\\\/\\\/www.communic-ames.com\\\/index.php\\\/conditions-generales-de-vente\\\/#breadcrumb\"},\"inLanguage\":\"fr-FR\",\"potentialAction\":[{\"@type\":\"ReadAction\",\"target\":[\"https:\\\/\\\/www.communic-ames.com\\\/index.php\\\/conditions-generales-de-vente\\\/\"]}]},{\"@type\":\"BreadcrumbList\",\"@id\":\"https:\\\/\\\/www.communic-ames.com\\\/index.php\\\/conditions-generales-de-vente\\\/#breadcrumb\",\"itemListElement\":[{\"@type\":\"ListItem\",\"position\":1,\"name\":\"Accueil\",\"item\":\"https:\\\/\\\/www.communic-ames.com\\\/\"},{\"@type\":\"ListItem\",\"position\":2,\"name\":\"Conditions g\u00e9n\u00e9rales de vente\"}]},{\"@type\":\"WebSite\",\"@id\":\"https:\\\/\\\/www.communic-ames.com\\\/#website\",\"url\":\"https:\\\/\\\/www.communic-ames.com\\\/\",\"name\":\"www.communic-ames.com\",\"description\":\"\",\"publisher\":{\"@id\":\"https:\\\/\\\/www.communic-ames.com\\\/#organization\"},\"potentialAction\":[{\"@type\":\"SearchAction\",\"target\":{\"@type\":\"EntryPoint\",\"urlTemplate\":\"https:\\\/\\\/www.communic-ames.com\\\/?s={search_term_string}\"},\"query-input\":{\"@type\":\"PropertyValueSpecification\",\"valueRequired\":true,\"valueName\":\"search_term_string\"}}],\"inLanguage\":\"fr-FR\"},{\"@type\":\"Organization\",\"@id\":\"https:\\\/\\\/www.communic-ames.com\\\/#organization\",\"name\":\"Communic'\u00e2mes\",\"url\":\"https:\\\/\\\/www.communic-ames.com\\\/\",\"logo\":{\"@type\":\"ImageObject\",\"inLanguage\":\"fr-FR\",\"@id\":\"https:\\\/\\\/www.communic-ames.com\\\/#\\\/schema\\\/logo\\\/image\\\/\",\"url\":\"https:\\\/\\\/www.communic-ames.com\\\/wp-content\\\/uploads\\\/2025\\\/12\\\/cropped-Logo-Communicames3.png\",\"contentUrl\":\"https:\\\/\\\/www.communic-ames.com\\\/wp-content\\\/uploads\\\/2025\\\/12\\\/cropped-Logo-Communicames3.png\",\"width\":1563,\"height\":858,\"caption\":\"Communic'\u00e2mes\"},\"image\":{\"@id\":\"https:\\\/\\\/www.communic-ames.com\\\/#\\\/schema\\\/logo\\\/image\\\/\"}}]}<\/script>\n<!-- \/ Yoast SEO plugin. -->","yoast_head_json":{"title":"Conditions g\u00e9n\u00e9rales de vente - Communic&#039;\u00e2mes","robots":{"index":"index","follow":"follow","max-snippet":"max-snippet:-1","max-image-preview":"max-image-preview:large","max-video-preview":"max-video-preview:-1"},"canonical":"https:\/\/www.communic-ames.com\/index.php\/conditions-generales-de-vente\/","og_locale":"fr_FR","og_type":"article","og_title":"Conditions g\u00e9n\u00e9rales de vente - Communic&#039;\u00e2mes","og_description":"Article 1 : Objet et champ d\u2019application Les pr\u00e9sentes Conditions G\u00e9n\u00e9rales de Vente (ci-apr\u00e8s \u00ab CGV \u00bb) ont pour objet de d\u00e9finir les modalit\u00e9s et conditions dans lesquelles Yis HEU (ci-apr\u00e8s \u00ab le Prestataire \u00bb) fournit des prestations de services \u00e0 destination de consommateurs (ci-apr\u00e8s \u00ab le Client \u00bb). Elles s\u2019appliquent \u00e0 toutes les offres [&hellip;]","og_url":"https:\/\/www.communic-ames.com\/index.php\/conditions-generales-de-vente\/","og_site_name":"Communic&#039;\u00e2mes","article_modified_time":"2025-04-21T13:01:40+00:00","twitter_card":"summary_large_image","twitter_misc":{"Dur\u00e9e de lecture estim\u00e9e":"6 minutes"},"schema":{"@context":"https:\/\/schema.org","@graph":[{"@type":"WebPage","@id":"https:\/\/www.communic-ames.com\/index.php\/conditions-generales-de-vente\/","url":"https:\/\/www.communic-ames.com\/index.php\/conditions-generales-de-vente\/","name":"Conditions g\u00e9n\u00e9rales de vente - Communic&#039;\u00e2mes","isPartOf":{"@id":"https:\/\/www.communic-ames.com\/#website"},"datePublished":"2025-04-21T13:01:39+00:00","dateModified":"2025-04-21T13:01:40+00:00","breadcrumb":{"@id":"https:\/\/www.communic-ames.com\/index.php\/conditions-generales-de-vente\/#breadcrumb"},"inLanguage":"fr-FR","potentialAction":[{"@type":"ReadAction","target":["https:\/\/www.communic-ames.com\/index.php\/conditions-generales-de-vente\/"]}]},{"@type":"BreadcrumbList","@id":"https:\/\/www.communic-ames.com\/index.php\/conditions-generales-de-vente\/#breadcrumb","itemListElement":[{"@type":"ListItem","position":1,"name":"Accueil","item":"https:\/\/www.communic-ames.com\/"},{"@type":"ListItem","position":2,"name":"Conditions g\u00e9n\u00e9rales de vente"}]},{"@type":"WebSite","@id":"https:\/\/www.communic-ames.com\/#website","url":"https:\/\/www.communic-ames.com\/","name":"www.communic-ames.com","description":"","publisher":{"@id":"https:\/\/www.communic-ames.com\/#organization"},"potentialAction":[{"@type":"SearchAction","target":{"@type":"EntryPoint","urlTemplate":"https:\/\/www.communic-ames.com\/?s={search_term_string}"},"query-input":{"@type":"PropertyValueSpecification","valueRequired":true,"valueName":"search_term_string"}}],"inLanguage":"fr-FR"},{"@type":"Organization","@id":"https:\/\/www.communic-ames.com\/#organization","name":"Communic'\u00e2mes","url":"https:\/\/www.communic-ames.com\/","logo":{"@type":"ImageObject","inLanguage":"fr-FR","@id":"https:\/\/www.communic-ames.com\/#\/schema\/logo\/image\/","url":"https:\/\/www.communic-ames.com\/wp-content\/uploads\/2025\/12\/cropped-Logo-Communicames3.png","contentUrl":"https:\/\/www.communic-ames.com\/wp-content\/uploads\/2025\/12\/cropped-Logo-Communicames3.png","width":1563,"height":858,"caption":"Communic'\u00e2mes"},"image":{"@id":"https:\/\/www.communic-ames.com\/#\/schema\/logo\/image\/"}}]}},"_links":{"self":[{"href":"https:\/\/www.communic-ames.com\/index.php\/wp-json\/wp\/v2\/pages\/310","targetHints":{"allow":["GET"]}}],"collection":[{"href":"https:\/\/www.communic-ames.com\/index.php\/wp-json\/wp\/v2\/pages"}],"about":[{"href":"https:\/\/www.communic-ames.com\/index.php\/wp-json\/wp\/v2\/types\/page"}],"author":[{"embeddable":true,"href":"https:\/\/www.communic-ames.com\/index.php\/wp-json\/wp\/v2\/users\/1"}],"replies":[{"embeddable":true,"href":"https:\/\/www.communic-ames.com\/index.php\/wp-json\/wp\/v2\/comments?post=310"}],"version-history":[{"count":1,"href":"https:\/\/www.communic-ames.com\/index.php\/wp-json\/wp\/v2\/pages\/310\/revisions"}],"predecessor-version":[{"id":311,"href":"https:\/\/www.communic-ames.com\/index.php\/wp-json\/wp\/v2\/pages\/310\/revisions\/311"}],"wp:attachment":[{"href":"https:\/\/www.communic-ames.com\/index.php\/wp-json\/wp\/v2\/media?parent=310"}],"curies":[{"name":"wp","href":"https:\/\/api.w.org\/{rel}","templated":true}]}}