{"id":381,"date":"2025-11-21T11:41:13","date_gmt":"2025-11-21T10:41:13","guid":{"rendered":"https:\/\/www.communic-ames.com\/?page_id=381"},"modified":"2025-11-21T14:43:14","modified_gmt":"2025-11-21T13:43:14","slug":"communication-animale","status":"publish","type":"page","link":"https:\/\/www.communic-ames.com\/index.php\/communication-animale\/","title":{"rendered":"Communication animale"},"content":{"rendered":"\t\t<div data-elementor-type=\"wp-page\" data-elementor-id=\"381\" class=\"elementor elementor-381\">\n\t\t\t\t<div class=\"elementor-element elementor-element-ad315e7 e-flex e-con-boxed e-con e-parent\" data-id=\"ad315e7\" data-element_type=\"container\" data-e-type=\"container\">\n\t\t\t\t\t<div class=\"e-con-inner\">\n\t\t\t\t<div class=\"elementor-element elementor-element-563ab87 elementor-widget elementor-widget-spacer\" data-id=\"563ab87\" data-element_type=\"widget\" data-e-type=\"widget\" data-widget_type=\"spacer.default\">\n\t\t\t\t<div class=\"elementor-widget-container\">\n\t\t\t\t\t\t\t<div class=\"elementor-spacer\">\n\t\t\t<div class=\"elementor-spacer-inner\"><\/div>\n\t\t<\/div>\n\t\t\t\t\t\t<\/div>\n\t\t\t\t<\/div>\n\t\t\t\t<div class=\"elementor-element elementor-element-424e9ad elementor-widget elementor-widget-image\" data-id=\"424e9ad\" data-element_type=\"widget\" data-e-type=\"widget\" data-widget_type=\"image.default\">\n\t\t\t\t<div class=\"elementor-widget-container\">\n\t\t\t\t\t\t\t\t\t\t\t\t\t\t\t<img decoding=\"async\" width=\"300\" height=\"131\" src=\"https:\/\/www.communic-ames.com\/wp-content\/uploads\/2025\/11\/IMG20250513131101-300x131.jpg\" class=\"attachment-medium size-medium wp-image-444\" alt=\"\" srcset=\"https:\/\/www.communic-ames.com\/wp-content\/uploads\/2025\/11\/IMG20250513131101-300x131.jpg 300w, https:\/\/www.communic-ames.com\/wp-content\/uploads\/2025\/11\/IMG20250513131101-1024x445.jpg 1024w, https:\/\/www.communic-ames.com\/wp-content\/uploads\/2025\/11\/IMG20250513131101-768x334.jpg 768w, https:\/\/www.communic-ames.com\/wp-content\/uploads\/2025\/11\/IMG20250513131101-1536x668.jpg 1536w, https:\/\/www.communic-ames.com\/wp-content\/uploads\/2025\/11\/IMG20250513131101-2048x891.jpg 2048w\" sizes=\"(max-width: 300px) 100vw, 300px\" \/>\t\t\t\t\t\t\t\t\t\t\t\t\t\t\t<\/div>\n\t\t\t\t<\/div>\n\t\t\t\t\t<\/div>\n\t\t\t\t<\/div>\n\t\t<div class=\"elementor-element elementor-element-8e552ca e-flex e-con-boxed e-con e-parent\" data-id=\"8e552ca\" data-element_type=\"container\" data-e-type=\"container\">\n\t\t\t\t\t<div class=\"e-con-inner\">\n\t\t\t\t<div class=\"elementor-element elementor-element-f33454b elementor-widget elementor-widget-spacer\" data-id=\"f33454b\" data-element_type=\"widget\" data-e-type=\"widget\" data-widget_type=\"spacer.default\">\n\t\t\t\t<div class=\"elementor-widget-container\">\n\t\t\t\t\t\t\t<div class=\"elementor-spacer\">\n\t\t\t<div class=\"elementor-spacer-inner\"><\/div>\n\t\t<\/div>\n\t\t\t\t\t\t<\/div>\n\t\t\t\t<\/div>\n\t\t\t\t\t<\/div>\n\t\t\t\t<\/div>\n\t\t<div class=\"elementor-element elementor-element-a041b27 e-flex e-con-boxed e-con e-parent\" data-id=\"a041b27\" data-element_type=\"container\" data-e-type=\"container\">\n\t\t\t\t\t<div class=\"e-con-inner\">\n\t\t\t\t<div class=\"elementor-element elementor-element-3bb5bfa elementor-widget elementor-widget-text-editor\" data-id=\"3bb5bfa\" data-element_type=\"widget\" data-e-type=\"widget\" data-widget_type=\"text-editor.default\">\n\t\t\t\t<div class=\"elementor-widget-container\">\n\t\t\t\t\t\t\t\t\t<p>La communication d\u2019\u00e2me avec un animal est un concept fascinant qui suscite un int\u00e9r\u00eat croissant chez celles et ceux souhaitant <strong>approfondir leur lien<\/strong> avec leur compagnon. Cette forme de connexion va au-del\u00e0 des interactions verbales ou comportementales habituelles : elle ouvre la voie \u00e0 un <strong>\u00e9change plus profond<\/strong>, sensible et spirituel entre l\u2019humain et l\u2019animal, permettant d\u2019acc\u00e9der \u00e0 une <strong>compr\u00e9hension plus intime<\/strong> de son monde.<\/p><div class=\"elementor-element elementor-element-e90bcfa elementor-widget elementor-widget-text-editor\" data-id=\"e90bcfa\" data-element_type=\"widget\" data-widget_type=\"text-editor.default\"><div class=\"elementor-widget-container\"><p>Je facilite le dialogue avec votre animal de compagnie pour une <b>communication fluide <\/b>et une<b> coexistence harmonieuse.<\/b><\/p><p>Cela vous sera b\u00e9n\u00e9fique pour\u00a0:<\/p><ul><li>r\u00e9pondre \u00e0 vos<b> questionnements<\/b> sur l\u2019\u00e9tat \u00e9motionnel de votre animal, ses ressentis et besoins<\/li><li>r\u00e9soudre des<b> difficult\u00e9s<\/b> qui n\u2019ont pu \u00eatre r\u00e9gl\u00e9es par le dressage<\/li><li>comprendre des<b> comportements<\/b> anormaux ou anxieux<\/li><li>renforcer votre <b>lien affectif<\/b><\/li><li><p>amorcer un<b> processus de deuil<\/b> apr\u00e8s la perte d\u2019un animal (minimum 6 mois apr\u00e8s son d\u00e9c\u00e8s)<\/p><\/li><\/ul><p>Recevoir les messages de votre animal est un <strong>v\u00e9ritable cadeau<\/strong> : cela enrichit votre relation, vous permet d\u2019\u00e9voluer ensemble et vous invite \u00e0 le reconna\u00eetre pleinement comme un <strong>\u00eatre sensible<\/strong> \u00e0 part enti\u00e8re.<\/p><\/div><\/div>\t\t\t\t\t\t\t\t<\/div>\n\t\t\t\t<\/div>\n\t\t\t\t\t<\/div>\n\t\t\t\t<\/div>\n\t\t\t\t<\/div>\n\t\t","protected":false},"excerpt":{"rendered":"<p>La communication d\u2019\u00e2me avec un animal est un concept fascinant qui suscite un int\u00e9r\u00eat croissant chez celles et ceux souhaitant approfondir leur lien avec leur compagnon. Cette forme de connexion va au-del\u00e0 des interactions verbales ou comportementales habituelles : elle ouvre la voie \u00e0 un \u00e9change plus profond, sensible et spirituel entre l\u2019humain et l\u2019animal, [&hellip;]<\/p>\n","protected":false},"author":1,"featured_media":0,"parent":0,"menu_order":0,"comment_status":"closed","ping_status":"closed","template":"","meta":{"ocean_post_layout":"","ocean_both_sidebars_style":"","ocean_both_sidebars_content_width":0,"ocean_both_sidebars_sidebars_width":0,"ocean_sidebar":"","ocean_second_sidebar":"","ocean_disable_margins":"enable","ocean_add_body_class":"","ocean_shortcode_before_top_bar":"","ocean_shortcode_after_top_bar":"","ocean_shortcode_before_header":"","ocean_shortcode_after_header":"","ocean_has_shortcode":"","ocean_shortcode_after_title":"","ocean_shortcode_before_footer_widgets":"","ocean_shortcode_after_footer_widgets":"","ocean_shortcode_before_footer_bottom":"","ocean_shortcode_after_footer_bottom":"","ocean_display_top_bar":"default","ocean_display_header":"default","ocean_header_style":"","ocean_center_header_left_menu":"","ocean_custom_header_template":"","ocean_custom_logo":0,"ocean_custom_retina_logo":0,"ocean_custom_logo_max_width":0,"ocean_custom_logo_tablet_max_width":0,"ocean_custom_logo_mobile_max_width":0,"ocean_custom_logo_max_height":0,"ocean_custom_logo_tablet_max_height":0,"ocean_custom_logo_mobile_max_height":0,"ocean_header_custom_menu":"","ocean_menu_typo_font_family":"","ocean_menu_typo_font_subset":"","ocean_menu_typo_font_size":0,"ocean_menu_typo_font_size_tablet":0,"ocean_menu_typo_font_size_mobile":0,"ocean_menu_typo_font_size_unit":"px","ocean_menu_typo_font_weight":"","ocean_menu_typo_font_weight_tablet":"","ocean_menu_typo_font_weight_mobile":"","ocean_menu_typo_transform":"","ocean_menu_typo_transform_tablet":"","ocean_menu_typo_transform_mobile":"","ocean_menu_typo_line_height":0,"ocean_menu_typo_line_height_tablet":0,"ocean_menu_typo_line_height_mobile":0,"ocean_menu_typo_line_height_unit":"","ocean_menu_typo_spacing":0,"ocean_menu_typo_spacing_tablet":0,"ocean_menu_typo_spacing_mobile":0,"ocean_menu_typo_spacing_unit":"","ocean_menu_link_color":"","ocean_menu_link_color_hover":"","ocean_menu_link_color_active":"","ocean_menu_link_background":"","ocean_menu_link_hover_background":"","ocean_menu_link_active_background":"","ocean_menu_social_links_bg":"","ocean_menu_social_hover_links_bg":"","ocean_menu_social_links_color":"","ocean_menu_social_hover_links_color":"","ocean_disable_title":"on","ocean_disable_heading":"default","ocean_post_title":"","ocean_post_subheading":"","ocean_post_title_style":"","ocean_post_title_background_color":"","ocean_post_title_background":0,"ocean_post_title_bg_image_position":"","ocean_post_title_bg_image_attachment":"","ocean_post_title_bg_image_repeat":"","ocean_post_title_bg_image_size":"","ocean_post_title_height":0,"ocean_post_title_bg_overlay":0.5,"ocean_post_title_bg_overlay_color":"","ocean_disable_breadcrumbs":"default","ocean_breadcrumbs_color":"","ocean_breadcrumbs_separator_color":"","ocean_breadcrumbs_links_color":"","ocean_breadcrumbs_links_hover_color":"","ocean_display_footer_widgets":"default","ocean_display_footer_bottom":"default","ocean_custom_footer_template":"","footnotes":""},"class_list":["post-381","page","type-page","status-publish","hentry","entry"],"yoast_head":"<!-- This site is optimized with the Yoast SEO plugin v27.4 - https:\/\/yoast.com\/product\/yoast-seo-wordpress\/ -->\n<title>Communication animale - Communic&#039;\u00e2mes<\/title>\n<meta name=\"robots\" content=\"index, follow, max-snippet:-1, max-image-preview:large, max-video-preview:-1\" \/>\n<link rel=\"canonical\" href=\"https:\/\/www.communic-ames.com\/index.php\/communication-animale\/\" \/>\n<meta property=\"og:locale\" content=\"fr_FR\" \/>\n<meta property=\"og:type\" content=\"article\" \/>\n<meta property=\"og:title\" content=\"Communication animale - Communic&#039;\u00e2mes\" \/>\n<meta property=\"og:description\" content=\"La communication d\u2019\u00e2me avec un animal est un concept fascinant qui suscite un int\u00e9r\u00eat croissant chez celles et ceux souhaitant approfondir leur lien avec leur compagnon. Cette forme de connexion va au-del\u00e0 des interactions verbales ou comportementales habituelles : elle ouvre la voie \u00e0 un \u00e9change plus profond, sensible et spirituel entre l\u2019humain et l\u2019animal, [&hellip;]\" \/>\n<meta property=\"og:url\" content=\"https:\/\/www.communic-ames.com\/index.php\/communication-animale\/\" \/>\n<meta property=\"og:site_name\" content=\"Communic&#039;\u00e2mes\" \/>\n<meta property=\"article:modified_time\" content=\"2025-11-21T13:43:14+00:00\" \/>\n<meta property=\"og:image\" content=\"https:\/\/www.communic-ames.com\/wp-content\/uploads\/2025\/11\/IMG20250513131101-scaled.jpg\" \/>\n\t<meta property=\"og:image:width\" content=\"2560\" \/>\n\t<meta property=\"og:image:height\" content=\"1114\" \/>\n\t<meta property=\"og:image:type\" content=\"image\/jpeg\" \/>\n<meta name=\"twitter:card\" content=\"summary_large_image\" \/>\n<meta name=\"twitter:label1\" content=\"Dur\u00e9e de lecture estim\u00e9e\" \/>\n\t<meta name=\"twitter:data1\" content=\"2 minutes\" \/>\n<script type=\"application\/ld+json\" class=\"yoast-schema-graph\">{\"@context\":\"https:\\\/\\\/schema.org\",\"@graph\":[{\"@type\":\"WebPage\",\"@id\":\"https:\\\/\\\/www.communic-ames.com\\\/index.php\\\/communication-animale\\\/\",\"url\":\"https:\\\/\\\/www.communic-ames.com\\\/index.php\\\/communication-animale\\\/\",\"name\":\"Communication animale - Communic&#039;\u00e2mes\",\"isPartOf\":{\"@id\":\"https:\\\/\\\/www.communic-ames.com\\\/#website\"},\"primaryImageOfPage\":{\"@id\":\"https:\\\/\\\/www.communic-ames.com\\\/index.php\\\/communication-animale\\\/#primaryimage\"},\"image\":{\"@id\":\"https:\\\/\\\/www.communic-ames.com\\\/index.php\\\/communication-animale\\\/#primaryimage\"},\"thumbnailUrl\":\"https:\\\/\\\/www.communic-ames.com\\\/wp-content\\\/uploads\\\/2025\\\/11\\\/IMG20250513131101-300x131.jpg\",\"datePublished\":\"2025-11-21T10:41:13+00:00\",\"dateModified\":\"2025-11-21T13:43:14+00:00\",\"breadcrumb\":{\"@id\":\"https:\\\/\\\/www.communic-ames.com\\\/index.php\\\/communication-animale\\\/#breadcrumb\"},\"inLanguage\":\"fr-FR\",\"potentialAction\":[{\"@type\":\"ReadAction\",\"target\":[\"https:\\\/\\\/www.communic-ames.com\\\/index.php\\\/communication-animale\\\/\"]}]},{\"@type\":\"ImageObject\",\"inLanguage\":\"fr-FR\",\"@id\":\"https:\\\/\\\/www.communic-ames.com\\\/index.php\\\/communication-animale\\\/#primaryimage\",\"url\":\"https:\\\/\\\/www.communic-ames.com\\\/wp-content\\\/uploads\\\/2025\\\/11\\\/IMG20250513131101-scaled.jpg\",\"contentUrl\":\"https:\\\/\\\/www.communic-ames.com\\\/wp-content\\\/uploads\\\/2025\\\/11\\\/IMG20250513131101-scaled.jpg\",\"width\":2560,\"height\":1114},{\"@type\":\"BreadcrumbList\",\"@id\":\"https:\\\/\\\/www.communic-ames.com\\\/index.php\\\/communication-animale\\\/#breadcrumb\",\"itemListElement\":[{\"@type\":\"ListItem\",\"position\":1,\"name\":\"Accueil\",\"item\":\"https:\\\/\\\/www.communic-ames.com\\\/\"},{\"@type\":\"ListItem\",\"position\":2,\"name\":\"Communication animale\"}]},{\"@type\":\"WebSite\",\"@id\":\"https:\\\/\\\/www.communic-ames.com\\\/#website\",\"url\":\"https:\\\/\\\/www.communic-ames.com\\\/\",\"name\":\"www.communic-ames.com\",\"description\":\"\",\"publisher\":{\"@id\":\"https:\\\/\\\/www.communic-ames.com\\\/#organization\"},\"potentialAction\":[{\"@type\":\"SearchAction\",\"target\":{\"@type\":\"EntryPoint\",\"urlTemplate\":\"https:\\\/\\\/www.communic-ames.com\\\/?s={search_term_string}\"},\"query-input\":{\"@type\":\"PropertyValueSpecification\",\"valueRequired\":true,\"valueName\":\"search_term_string\"}}],\"inLanguage\":\"fr-FR\"},{\"@type\":\"Organization\",\"@id\":\"https:\\\/\\\/www.communic-ames.com\\\/#organization\",\"name\":\"Communic'\u00e2mes\",\"url\":\"https:\\\/\\\/www.communic-ames.com\\\/\",\"logo\":{\"@type\":\"ImageObject\",\"inLanguage\":\"fr-FR\",\"@id\":\"https:\\\/\\\/www.communic-ames.com\\\/#\\\/schema\\\/logo\\\/image\\\/\",\"url\":\"https:\\\/\\\/www.communic-ames.com\\\/wp-content\\\/uploads\\\/2025\\\/12\\\/cropped-Logo-Communicames3.png\",\"contentUrl\":\"https:\\\/\\\/www.communic-ames.com\\\/wp-content\\\/uploads\\\/2025\\\/12\\\/cropped-Logo-Communicames3.png\",\"width\":1563,\"height\":858,\"caption\":\"Communic'\u00e2mes\"},\"image\":{\"@id\":\"https:\\\/\\\/www.communic-ames.com\\\/#\\\/schema\\\/logo\\\/image\\\/\"}}]}<\/script>\n<!-- \/ Yoast SEO plugin. -->","yoast_head_json":{"title":"Communication animale - Communic&#039;\u00e2mes","robots":{"index":"index","follow":"follow","max-snippet":"max-snippet:-1","max-image-preview":"max-image-preview:large","max-video-preview":"max-video-preview:-1"},"canonical":"https:\/\/www.communic-ames.com\/index.php\/communication-animale\/","og_locale":"fr_FR","og_type":"article","og_title":"Communication animale - Communic&#039;\u00e2mes","og_description":"La communication d\u2019\u00e2me avec un animal est un concept fascinant qui suscite un int\u00e9r\u00eat croissant chez celles et ceux souhaitant approfondir leur lien avec leur compagnon. Cette forme de connexion va au-del\u00e0 des interactions verbales ou comportementales habituelles : elle ouvre la voie \u00e0 un \u00e9change plus profond, sensible et spirituel entre l\u2019humain et l\u2019animal, [&hellip;]","og_url":"https:\/\/www.communic-ames.com\/index.php\/communication-animale\/","og_site_name":"Communic&#039;\u00e2mes","article_modified_time":"2025-11-21T13:43:14+00:00","og_image":[{"width":2560,"height":1114,"url":"https:\/\/www.communic-ames.com\/wp-content\/uploads\/2025\/11\/IMG20250513131101-scaled.jpg","type":"image\/jpeg"}],"twitter_card":"summary_large_image","twitter_misc":{"Dur\u00e9e de lecture estim\u00e9e":"2 minutes"},"schema":{"@context":"https:\/\/schema.org","@graph":[{"@type":"WebPage","@id":"https:\/\/www.communic-ames.com\/index.php\/communication-animale\/","url":"https:\/\/www.communic-ames.com\/index.php\/communication-animale\/","name":"Communication animale - Communic&#039;\u00e2mes","isPartOf":{"@id":"https:\/\/www.communic-ames.com\/#website"},"primaryImageOfPage":{"@id":"https:\/\/www.communic-ames.com\/index.php\/communication-animale\/#primaryimage"},"image":{"@id":"https:\/\/www.communic-ames.com\/index.php\/communication-animale\/#primaryimage"},"thumbnailUrl":"https:\/\/www.communic-ames.com\/wp-content\/uploads\/2025\/11\/IMG20250513131101-300x131.jpg","datePublished":"2025-11-21T10:41:13+00:00","dateModified":"2025-11-21T13:43:14+00:00","breadcrumb":{"@id":"https:\/\/www.communic-ames.com\/index.php\/communication-animale\/#breadcrumb"},"inLanguage":"fr-FR","potentialAction":[{"@type":"ReadAction","target":["https:\/\/www.communic-ames.com\/index.php\/communication-animale\/"]}]},{"@type":"ImageObject","inLanguage":"fr-FR","@id":"https:\/\/www.communic-ames.com\/index.php\/communication-animale\/#primaryimage","url":"https:\/\/www.communic-ames.com\/wp-content\/uploads\/2025\/11\/IMG20250513131101-scaled.jpg","contentUrl":"https:\/\/www.communic-ames.com\/wp-content\/uploads\/2025\/11\/IMG20250513131101-scaled.jpg","width":2560,"height":1114},{"@type":"BreadcrumbList","@id":"https:\/\/www.communic-ames.com\/index.php\/communication-animale\/#breadcrumb","itemListElement":[{"@type":"ListItem","position":1,"name":"Accueil","item":"https:\/\/www.communic-ames.com\/"},{"@type":"ListItem","position":2,"name":"Communication animale"}]},{"@type":"WebSite","@id":"https:\/\/www.communic-ames.com\/#website","url":"https:\/\/www.communic-ames.com\/","name":"www.communic-ames.com","description":"","publisher":{"@id":"https:\/\/www.communic-ames.com\/#organization"},"potentialAction":[{"@type":"SearchAction","target":{"@type":"EntryPoint","urlTemplate":"https:\/\/www.communic-ames.com\/?s={search_term_string}"},"query-input":{"@type":"PropertyValueSpecification","valueRequired":true,"valueName":"search_term_string"}}],"inLanguage":"fr-FR"},{"@type":"Organization","@id":"https:\/\/www.communic-ames.com\/#organization","name":"Communic'\u00e2mes","url":"https:\/\/www.communic-ames.com\/","logo":{"@type":"ImageObject","inLanguage":"fr-FR","@id":"https:\/\/www.communic-ames.com\/#\/schema\/logo\/image\/","url":"https:\/\/www.communic-ames.com\/wp-content\/uploads\/2025\/12\/cropped-Logo-Communicames3.png","contentUrl":"https:\/\/www.communic-ames.com\/wp-content\/uploads\/2025\/12\/cropped-Logo-Communicames3.png","width":1563,"height":858,"caption":"Communic'\u00e2mes"},"image":{"@id":"https:\/\/www.communic-ames.com\/#\/schema\/logo\/image\/"}}]}},"_links":{"self":[{"href":"https:\/\/www.communic-ames.com\/index.php\/wp-json\/wp\/v2\/pages\/381","targetHints":{"allow":["GET"]}}],"collection":[{"href":"https:\/\/www.communic-ames.com\/index.php\/wp-json\/wp\/v2\/pages"}],"about":[{"href":"https:\/\/www.communic-ames.com\/index.php\/wp-json\/wp\/v2\/types\/page"}],"author":[{"embeddable":true,"href":"https:\/\/www.communic-ames.com\/index.php\/wp-json\/wp\/v2\/users\/1"}],"replies":[{"embeddable":true,"href":"https:\/\/www.communic-ames.com\/index.php\/wp-json\/wp\/v2\/comments?post=381"}],"version-history":[{"count":11,"href":"https:\/\/www.communic-ames.com\/index.php\/wp-json\/wp\/v2\/pages\/381\/revisions"}],"predecessor-version":[{"id":447,"href":"https:\/\/www.communic-ames.com\/index.php\/wp-json\/wp\/v2\/pages\/381\/revisions\/447"}],"wp:attachment":[{"href":"https:\/\/www.communic-ames.com\/index.php\/wp-json\/wp\/v2\/media?parent=381"}],"curies":[{"name":"wp","href":"https:\/\/api.w.org\/{rel}","templated":true}]}}