{"id":385,"date":"2025-11-21T11:43:13","date_gmt":"2025-11-21T10:43:13","guid":{"rendered":"https:\/\/www.communic-ames.com\/?page_id=385"},"modified":"2025-11-21T16:01:21","modified_gmt":"2025-11-21T15:01:21","slug":"lahochi-et-lahochi-13e-octave","status":"publish","type":"page","link":"https:\/\/www.communic-ames.com\/index.php\/lahochi-et-lahochi-13e-octave\/","title":{"rendered":"LaHoChi et LaHoChi 13\u00e8 Octave"},"content":{"rendered":"\t\t<div data-elementor-type=\"wp-page\" data-elementor-id=\"385\" class=\"elementor elementor-385\">\n\t\t\t\t<div class=\"elementor-element elementor-element-4d9319a e-flex e-con-boxed e-con e-parent\" data-id=\"4d9319a\" data-element_type=\"container\" data-e-type=\"container\">\n\t\t\t\t\t<div class=\"e-con-inner\">\n\t\t\t\t<div class=\"elementor-element elementor-element-2ed132f elementor-widget elementor-widget-spacer\" data-id=\"2ed132f\" data-element_type=\"widget\" data-e-type=\"widget\" data-widget_type=\"spacer.default\">\n\t\t\t\t<div class=\"elementor-widget-container\">\n\t\t\t\t\t\t\t<div class=\"elementor-spacer\">\n\t\t\t<div class=\"elementor-spacer-inner\"><\/div>\n\t\t<\/div>\n\t\t\t\t\t\t<\/div>\n\t\t\t\t<\/div>\n\t\t\t\t<div class=\"elementor-element elementor-element-a438b53 elementor-widget elementor-widget-image\" data-id=\"a438b53\" data-element_type=\"widget\" data-e-type=\"widget\" data-widget_type=\"image.default\">\n\t\t\t\t<div class=\"elementor-widget-container\">\n\t\t\t\t\t\t\t\t\t\t\t\t\t\t\t<img fetchpriority=\"high\" decoding=\"async\" width=\"300\" height=\"200\" src=\"https:\/\/www.communic-ames.com\/wp-content\/uploads\/2025\/11\/water-lilies-3491870_1280-1-300x200.jpg\" class=\"attachment-medium size-medium wp-image-464\" alt=\"\" srcset=\"https:\/\/www.communic-ames.com\/wp-content\/uploads\/2025\/11\/water-lilies-3491870_1280-1-300x200.jpg 300w, https:\/\/www.communic-ames.com\/wp-content\/uploads\/2025\/11\/water-lilies-3491870_1280-1-1024x682.jpg 1024w, https:\/\/www.communic-ames.com\/wp-content\/uploads\/2025\/11\/water-lilies-3491870_1280-1-768x512.jpg 768w, https:\/\/www.communic-ames.com\/wp-content\/uploads\/2025\/11\/water-lilies-3491870_1280-1.jpg 1280w\" sizes=\"(max-width: 300px) 100vw, 300px\" \/>\t\t\t\t\t\t\t\t\t\t\t\t\t\t\t<\/div>\n\t\t\t\t<\/div>\n\t\t\t\t\t<\/div>\n\t\t\t\t<\/div>\n\t\t<div class=\"elementor-element elementor-element-5f64f94 e-flex e-con-boxed e-con e-parent\" data-id=\"5f64f94\" data-element_type=\"container\" data-e-type=\"container\">\n\t\t\t\t\t<div class=\"e-con-inner\">\n\t\t\t\t<div class=\"elementor-element elementor-element-7de9cd0 elementor-widget elementor-widget-spacer\" data-id=\"7de9cd0\" data-element_type=\"widget\" data-e-type=\"widget\" data-widget_type=\"spacer.default\">\n\t\t\t\t<div class=\"elementor-widget-container\">\n\t\t\t\t\t\t\t<div class=\"elementor-spacer\">\n\t\t\t<div class=\"elementor-spacer-inner\"><\/div>\n\t\t<\/div>\n\t\t\t\t\t\t<\/div>\n\t\t\t\t<\/div>\n\t\t\t\t\t<\/div>\n\t\t\t\t<\/div>\n\t\t<div class=\"elementor-element elementor-element-0081ee5 e-flex e-con-boxed e-con e-parent\" data-id=\"0081ee5\" data-element_type=\"container\" data-e-type=\"container\">\n\t\t\t\t\t<div class=\"e-con-inner\">\n\t\t\t\t<div class=\"elementor-element elementor-element-47cdd7a elementor-widget elementor-widget-text-editor\" data-id=\"47cdd7a\" data-element_type=\"widget\" data-e-type=\"widget\" data-widget_type=\"text-editor.default\">\n\t\t\t\t<div class=\"elementor-widget-container\">\n\t\t\t\t\t\t\t\t\t<p>Le <strong data-start=\"289\" data-end=\"300\">LaHoChi<\/strong> est une technique \u00e9nerg\u00e9tique de haute fr\u00e9quence qui apporte d\u00e9tente, apaisement et r\u00e9harmonisation profonde du corps et de l\u2019esprit. C\u2019est une pratique simple, bienveillante et accessible \u00e0 tous, qui agit comme un v\u00e9ritable <strong>cocon de lumi\u00e8re<\/strong> pour soutenir les transitions, lib\u00e9rer les tensions et raviver l\u2019\u00e9nergie vitale. C\u2019est une invitation \u00e0 revenir \u00e0 soi, \u00e0 son corps, \u00e0 son souffle.<\/p><p>J&rsquo;appose mes mains sur diff\u00e9rentes parties du corps et l&rsquo;<b>\u00e9nergie universelle<\/b> canalis\u00e9e vous est transmise directement, facilitant ainsi le <b>r\u00e9\u00e9quilibrage<\/b> des \u00e9nergies et la <b>lib\u00e9ration<\/b> des blocages \u00e9nerg\u00e9tiques.<\/p><p>Les bienfaits du LaHoChi sont nombreux et vari\u00e9s :<\/p><ul><li><b>r\u00e9duction du stress<\/b> : en \u00e9quilibrant les \u00e9nergies, le LaHoChi aide \u00e0 apaiser les \u00e9tats de stress et favorise un \u00e9tat de relaxation profonde<\/li><li><b>renforcement du syst\u00e8me immunitaire<\/b> : l&rsquo;\u00e9nergie transmise peut stimuler le syst\u00e8me immunitaire, aidant le corps \u00e0 se d\u00e9fendre contre les maladies<\/li><li><b>gu\u00e9rison \u00e9motionnelle<\/b> : le LaHoChi aide \u00e0 lib\u00e9rer les \u00e9motions refoul\u00e9es, contribuant ainsi \u00e0 une meilleure sant\u00e9 \u00e9motionnelle<\/li><li><p><b>croissance spirituelle<\/b> : les s\u00e9ances peuvent \u00e9galement favoriser une plus grande connexion spirituelle et une expansion de la conscience<\/p><\/li><\/ul><p>Le soin LaHoChi est un soin \u00e9nerg\u00e9tique qui soutient le <strong>bien-\u00eatre global<\/strong>. Qu\u2019il s\u2019agisse d\u2019apaiser le stress, de favoriser l\u2019\u00e9quilibre physique et \u00e9motionnel ou d\u2019approfondir sa dimension spirituelle, le LaHoChi offre une voie accessible, douce et puissante vers une <strong>harmonie int\u00e9rieure<\/strong>.<\/p><p>\u00a0<\/p><p data-start=\"496\" data-end=\"772\">Le <strong data-start=\"499\" data-end=\"521\">LaHoChi 13\u1d49 Octave<\/strong> est une version profond\u00e9ment \u00e9lev\u00e9e et expansive du LaHoChi traditionnel.<br data-start=\"595\" data-end=\"598\" \/>C\u2019est un soin vibratoire qui agit comme une ouverture vers des plans plus subtils, une connexion aux \u00e9nergies de lumi\u00e8re et une v\u00e9ritable invitation \u00e0 l\u2019<strong>\u00e9l\u00e9vation int\u00e9rieure<\/strong>.<\/p><p data-start=\"774\" data-end=\"979\">Dans ce soin, l\u2019\u00e9nergie circule avec une douceur infinie tout en op\u00e9rant des transformations profondes. Elle vient apaiser, lib\u00e9rer, r\u00e9harmoniser et \u00e9clairer des zones que le mental ne peut atteindre seul. C\u2019est une invitation \u00e0 vous reconnecter \u00e0 votre lumi\u00e8re int\u00e9rieure, \u00e0 votre guidance et \u00e0 votre <strong>puissance de transformation<\/strong>.<\/p>\t\t\t\t\t\t\t\t<\/div>\n\t\t\t\t<\/div>\n\t\t\t\t\t<\/div>\n\t\t\t\t<\/div>\n\t\t\t\t<\/div>\n\t\t","protected":false},"excerpt":{"rendered":"<p>Le LaHoChi est une technique \u00e9nerg\u00e9tique de haute fr\u00e9quence qui apporte d\u00e9tente, apaisement et r\u00e9harmonisation profonde du corps et de l\u2019esprit. C\u2019est une pratique simple, bienveillante et accessible \u00e0 tous, qui agit comme un v\u00e9ritable cocon de lumi\u00e8re pour soutenir les transitions, lib\u00e9rer les tensions et raviver l\u2019\u00e9nergie vitale. C\u2019est une invitation \u00e0 revenir \u00e0 [&hellip;]<\/p>\n","protected":false},"author":1,"featured_media":0,"parent":0,"menu_order":0,"comment_status":"closed","ping_status":"closed","template":"","meta":{"ocean_post_layout":"","ocean_both_sidebars_style":"","ocean_both_sidebars_content_width":0,"ocean_both_sidebars_sidebars_width":0,"ocean_sidebar":"","ocean_second_sidebar":"","ocean_disable_margins":"enable","ocean_add_body_class":"","ocean_shortcode_before_top_bar":"","ocean_shortcode_after_top_bar":"","ocean_shortcode_before_header":"","ocean_shortcode_after_header":"","ocean_has_shortcode":"","ocean_shortcode_after_title":"","ocean_shortcode_before_footer_widgets":"","ocean_shortcode_after_footer_widgets":"","ocean_shortcode_before_footer_bottom":"","ocean_shortcode_after_footer_bottom":"","ocean_display_top_bar":"default","ocean_display_header":"default","ocean_header_style":"","ocean_center_header_left_menu":"","ocean_custom_header_template":"","ocean_custom_logo":0,"ocean_custom_retina_logo":0,"ocean_custom_logo_max_width":0,"ocean_custom_logo_tablet_max_width":0,"ocean_custom_logo_mobile_max_width":0,"ocean_custom_logo_max_height":0,"ocean_custom_logo_tablet_max_height":0,"ocean_custom_logo_mobile_max_height":0,"ocean_header_custom_menu":"","ocean_menu_typo_font_family":"","ocean_menu_typo_font_subset":"","ocean_menu_typo_font_size":0,"ocean_menu_typo_font_size_tablet":0,"ocean_menu_typo_font_size_mobile":0,"ocean_menu_typo_font_size_unit":"px","ocean_menu_typo_font_weight":"","ocean_menu_typo_font_weight_tablet":"","ocean_menu_typo_font_weight_mobile":"","ocean_menu_typo_transform":"","ocean_menu_typo_transform_tablet":"","ocean_menu_typo_transform_mobile":"","ocean_menu_typo_line_height":0,"ocean_menu_typo_line_height_tablet":0,"ocean_menu_typo_line_height_mobile":0,"ocean_menu_typo_line_height_unit":"","ocean_menu_typo_spacing":0,"ocean_menu_typo_spacing_tablet":0,"ocean_menu_typo_spacing_mobile":0,"ocean_menu_typo_spacing_unit":"","ocean_menu_link_color":"","ocean_menu_link_color_hover":"","ocean_menu_link_color_active":"","ocean_menu_link_background":"","ocean_menu_link_hover_background":"","ocean_menu_link_active_background":"","ocean_menu_social_links_bg":"","ocean_menu_social_hover_links_bg":"","ocean_menu_social_links_color":"","ocean_menu_social_hover_links_color":"","ocean_disable_title":"on","ocean_disable_heading":"default","ocean_post_title":"","ocean_post_subheading":"","ocean_post_title_style":"","ocean_post_title_background_color":"","ocean_post_title_background":0,"ocean_post_title_bg_image_position":"","ocean_post_title_bg_image_attachment":"","ocean_post_title_bg_image_repeat":"","ocean_post_title_bg_image_size":"","ocean_post_title_height":0,"ocean_post_title_bg_overlay":0.5,"ocean_post_title_bg_overlay_color":"","ocean_disable_breadcrumbs":"default","ocean_breadcrumbs_color":"","ocean_breadcrumbs_separator_color":"","ocean_breadcrumbs_links_color":"","ocean_breadcrumbs_links_hover_color":"","ocean_display_footer_widgets":"default","ocean_display_footer_bottom":"default","ocean_custom_footer_template":"","footnotes":""},"class_list":["post-385","page","type-page","status-publish","hentry","entry"],"yoast_head":"<!-- This site is optimized with the Yoast SEO plugin v27.4 - https:\/\/yoast.com\/product\/yoast-seo-wordpress\/ -->\n<title>LaHoChi et LaHoChi 13\u00e8 Octave - Communic&#039;\u00e2mes<\/title>\n<meta name=\"robots\" content=\"index, follow, max-snippet:-1, max-image-preview:large, max-video-preview:-1\" \/>\n<link rel=\"canonical\" href=\"https:\/\/www.communic-ames.com\/index.php\/lahochi-et-lahochi-13e-octave\/\" \/>\n<meta property=\"og:locale\" content=\"fr_FR\" \/>\n<meta property=\"og:type\" content=\"article\" \/>\n<meta property=\"og:title\" content=\"LaHoChi et LaHoChi 13\u00e8 Octave - Communic&#039;\u00e2mes\" \/>\n<meta property=\"og:description\" content=\"Le LaHoChi est une technique \u00e9nerg\u00e9tique de haute fr\u00e9quence qui apporte d\u00e9tente, apaisement et r\u00e9harmonisation profonde du corps et de l\u2019esprit. C\u2019est une pratique simple, bienveillante et accessible \u00e0 tous, qui agit comme un v\u00e9ritable cocon de lumi\u00e8re pour soutenir les transitions, lib\u00e9rer les tensions et raviver l\u2019\u00e9nergie vitale. C\u2019est une invitation \u00e0 revenir \u00e0 [&hellip;]\" \/>\n<meta property=\"og:url\" content=\"https:\/\/www.communic-ames.com\/index.php\/lahochi-et-lahochi-13e-octave\/\" \/>\n<meta property=\"og:site_name\" content=\"Communic&#039;\u00e2mes\" \/>\n<meta property=\"article:modified_time\" content=\"2025-11-21T15:01:21+00:00\" \/>\n<meta property=\"og:image\" content=\"https:\/\/www.communic-ames.com\/wp-content\/uploads\/2025\/11\/water-lilies-3491870_1280-1.jpg\" \/>\n\t<meta property=\"og:image:width\" content=\"1280\" \/>\n\t<meta property=\"og:image:height\" content=\"853\" \/>\n\t<meta property=\"og:image:type\" content=\"image\/jpeg\" \/>\n<meta name=\"twitter:card\" content=\"summary_large_image\" \/>\n<meta name=\"twitter:label1\" content=\"Dur\u00e9e de lecture estim\u00e9e\" \/>\n\t<meta name=\"twitter:data1\" content=\"2 minutes\" \/>\n<script type=\"application\/ld+json\" class=\"yoast-schema-graph\">{\"@context\":\"https:\\\/\\\/schema.org\",\"@graph\":[{\"@type\":\"WebPage\",\"@id\":\"https:\\\/\\\/www.communic-ames.com\\\/index.php\\\/lahochi-et-lahochi-13e-octave\\\/\",\"url\":\"https:\\\/\\\/www.communic-ames.com\\\/index.php\\\/lahochi-et-lahochi-13e-octave\\\/\",\"name\":\"LaHoChi et LaHoChi 13\u00e8 Octave - Communic&#039;\u00e2mes\",\"isPartOf\":{\"@id\":\"https:\\\/\\\/www.communic-ames.com\\\/#website\"},\"primaryImageOfPage\":{\"@id\":\"https:\\\/\\\/www.communic-ames.com\\\/index.php\\\/lahochi-et-lahochi-13e-octave\\\/#primaryimage\"},\"image\":{\"@id\":\"https:\\\/\\\/www.communic-ames.com\\\/index.php\\\/lahochi-et-lahochi-13e-octave\\\/#primaryimage\"},\"thumbnailUrl\":\"https:\\\/\\\/www.communic-ames.com\\\/wp-content\\\/uploads\\\/2025\\\/11\\\/water-lilies-3491870_1280-1-300x200.jpg\",\"datePublished\":\"2025-11-21T10:43:13+00:00\",\"dateModified\":\"2025-11-21T15:01:21+00:00\",\"breadcrumb\":{\"@id\":\"https:\\\/\\\/www.communic-ames.com\\\/index.php\\\/lahochi-et-lahochi-13e-octave\\\/#breadcrumb\"},\"inLanguage\":\"fr-FR\",\"potentialAction\":[{\"@type\":\"ReadAction\",\"target\":[\"https:\\\/\\\/www.communic-ames.com\\\/index.php\\\/lahochi-et-lahochi-13e-octave\\\/\"]}]},{\"@type\":\"ImageObject\",\"inLanguage\":\"fr-FR\",\"@id\":\"https:\\\/\\\/www.communic-ames.com\\\/index.php\\\/lahochi-et-lahochi-13e-octave\\\/#primaryimage\",\"url\":\"https:\\\/\\\/www.communic-ames.com\\\/wp-content\\\/uploads\\\/2025\\\/11\\\/water-lilies-3491870_1280-1.jpg\",\"contentUrl\":\"https:\\\/\\\/www.communic-ames.com\\\/wp-content\\\/uploads\\\/2025\\\/11\\\/water-lilies-3491870_1280-1.jpg\",\"width\":1280,\"height\":853},{\"@type\":\"BreadcrumbList\",\"@id\":\"https:\\\/\\\/www.communic-ames.com\\\/index.php\\\/lahochi-et-lahochi-13e-octave\\\/#breadcrumb\",\"itemListElement\":[{\"@type\":\"ListItem\",\"position\":1,\"name\":\"Accueil\",\"item\":\"https:\\\/\\\/www.communic-ames.com\\\/\"},{\"@type\":\"ListItem\",\"position\":2,\"name\":\"LaHoChi et LaHoChi 13\u00e8 Octave\"}]},{\"@type\":\"WebSite\",\"@id\":\"https:\\\/\\\/www.communic-ames.com\\\/#website\",\"url\":\"https:\\\/\\\/www.communic-ames.com\\\/\",\"name\":\"www.communic-ames.com\",\"description\":\"\",\"publisher\":{\"@id\":\"https:\\\/\\\/www.communic-ames.com\\\/#organization\"},\"potentialAction\":[{\"@type\":\"SearchAction\",\"target\":{\"@type\":\"EntryPoint\",\"urlTemplate\":\"https:\\\/\\\/www.communic-ames.com\\\/?s={search_term_string}\"},\"query-input\":{\"@type\":\"PropertyValueSpecification\",\"valueRequired\":true,\"valueName\":\"search_term_string\"}}],\"inLanguage\":\"fr-FR\"},{\"@type\":\"Organization\",\"@id\":\"https:\\\/\\\/www.communic-ames.com\\\/#organization\",\"name\":\"Communic'\u00e2mes\",\"url\":\"https:\\\/\\\/www.communic-ames.com\\\/\",\"logo\":{\"@type\":\"ImageObject\",\"inLanguage\":\"fr-FR\",\"@id\":\"https:\\\/\\\/www.communic-ames.com\\\/#\\\/schema\\\/logo\\\/image\\\/\",\"url\":\"https:\\\/\\\/www.communic-ames.com\\\/wp-content\\\/uploads\\\/2025\\\/12\\\/cropped-Logo-Communicames3.png\",\"contentUrl\":\"https:\\\/\\\/www.communic-ames.com\\\/wp-content\\\/uploads\\\/2025\\\/12\\\/cropped-Logo-Communicames3.png\",\"width\":1563,\"height\":858,\"caption\":\"Communic'\u00e2mes\"},\"image\":{\"@id\":\"https:\\\/\\\/www.communic-ames.com\\\/#\\\/schema\\\/logo\\\/image\\\/\"}}]}<\/script>\n<!-- \/ Yoast SEO plugin. -->","yoast_head_json":{"title":"LaHoChi et LaHoChi 13\u00e8 Octave - Communic&#039;\u00e2mes","robots":{"index":"index","follow":"follow","max-snippet":"max-snippet:-1","max-image-preview":"max-image-preview:large","max-video-preview":"max-video-preview:-1"},"canonical":"https:\/\/www.communic-ames.com\/index.php\/lahochi-et-lahochi-13e-octave\/","og_locale":"fr_FR","og_type":"article","og_title":"LaHoChi et LaHoChi 13\u00e8 Octave - Communic&#039;\u00e2mes","og_description":"Le LaHoChi est une technique \u00e9nerg\u00e9tique de haute fr\u00e9quence qui apporte d\u00e9tente, apaisement et r\u00e9harmonisation profonde du corps et de l\u2019esprit. C\u2019est une pratique simple, bienveillante et accessible \u00e0 tous, qui agit comme un v\u00e9ritable cocon de lumi\u00e8re pour soutenir les transitions, lib\u00e9rer les tensions et raviver l\u2019\u00e9nergie vitale. C\u2019est une invitation \u00e0 revenir \u00e0 [&hellip;]","og_url":"https:\/\/www.communic-ames.com\/index.php\/lahochi-et-lahochi-13e-octave\/","og_site_name":"Communic&#039;\u00e2mes","article_modified_time":"2025-11-21T15:01:21+00:00","og_image":[{"width":1280,"height":853,"url":"https:\/\/www.communic-ames.com\/wp-content\/uploads\/2025\/11\/water-lilies-3491870_1280-1.jpg","type":"image\/jpeg"}],"twitter_card":"summary_large_image","twitter_misc":{"Dur\u00e9e de lecture estim\u00e9e":"2 minutes"},"schema":{"@context":"https:\/\/schema.org","@graph":[{"@type":"WebPage","@id":"https:\/\/www.communic-ames.com\/index.php\/lahochi-et-lahochi-13e-octave\/","url":"https:\/\/www.communic-ames.com\/index.php\/lahochi-et-lahochi-13e-octave\/","name":"LaHoChi et LaHoChi 13\u00e8 Octave - Communic&#039;\u00e2mes","isPartOf":{"@id":"https:\/\/www.communic-ames.com\/#website"},"primaryImageOfPage":{"@id":"https:\/\/www.communic-ames.com\/index.php\/lahochi-et-lahochi-13e-octave\/#primaryimage"},"image":{"@id":"https:\/\/www.communic-ames.com\/index.php\/lahochi-et-lahochi-13e-octave\/#primaryimage"},"thumbnailUrl":"https:\/\/www.communic-ames.com\/wp-content\/uploads\/2025\/11\/water-lilies-3491870_1280-1-300x200.jpg","datePublished":"2025-11-21T10:43:13+00:00","dateModified":"2025-11-21T15:01:21+00:00","breadcrumb":{"@id":"https:\/\/www.communic-ames.com\/index.php\/lahochi-et-lahochi-13e-octave\/#breadcrumb"},"inLanguage":"fr-FR","potentialAction":[{"@type":"ReadAction","target":["https:\/\/www.communic-ames.com\/index.php\/lahochi-et-lahochi-13e-octave\/"]}]},{"@type":"ImageObject","inLanguage":"fr-FR","@id":"https:\/\/www.communic-ames.com\/index.php\/lahochi-et-lahochi-13e-octave\/#primaryimage","url":"https:\/\/www.communic-ames.com\/wp-content\/uploads\/2025\/11\/water-lilies-3491870_1280-1.jpg","contentUrl":"https:\/\/www.communic-ames.com\/wp-content\/uploads\/2025\/11\/water-lilies-3491870_1280-1.jpg","width":1280,"height":853},{"@type":"BreadcrumbList","@id":"https:\/\/www.communic-ames.com\/index.php\/lahochi-et-lahochi-13e-octave\/#breadcrumb","itemListElement":[{"@type":"ListItem","position":1,"name":"Accueil","item":"https:\/\/www.communic-ames.com\/"},{"@type":"ListItem","position":2,"name":"LaHoChi et LaHoChi 13\u00e8 Octave"}]},{"@type":"WebSite","@id":"https:\/\/www.communic-ames.com\/#website","url":"https:\/\/www.communic-ames.com\/","name":"www.communic-ames.com","description":"","publisher":{"@id":"https:\/\/www.communic-ames.com\/#organization"},"potentialAction":[{"@type":"SearchAction","target":{"@type":"EntryPoint","urlTemplate":"https:\/\/www.communic-ames.com\/?s={search_term_string}"},"query-input":{"@type":"PropertyValueSpecification","valueRequired":true,"valueName":"search_term_string"}}],"inLanguage":"fr-FR"},{"@type":"Organization","@id":"https:\/\/www.communic-ames.com\/#organization","name":"Communic'\u00e2mes","url":"https:\/\/www.communic-ames.com\/","logo":{"@type":"ImageObject","inLanguage":"fr-FR","@id":"https:\/\/www.communic-ames.com\/#\/schema\/logo\/image\/","url":"https:\/\/www.communic-ames.com\/wp-content\/uploads\/2025\/12\/cropped-Logo-Communicames3.png","contentUrl":"https:\/\/www.communic-ames.com\/wp-content\/uploads\/2025\/12\/cropped-Logo-Communicames3.png","width":1563,"height":858,"caption":"Communic'\u00e2mes"},"image":{"@id":"https:\/\/www.communic-ames.com\/#\/schema\/logo\/image\/"}}]}},"_links":{"self":[{"href":"https:\/\/www.communic-ames.com\/index.php\/wp-json\/wp\/v2\/pages\/385","targetHints":{"allow":["GET"]}}],"collection":[{"href":"https:\/\/www.communic-ames.com\/index.php\/wp-json\/wp\/v2\/pages"}],"about":[{"href":"https:\/\/www.communic-ames.com\/index.php\/wp-json\/wp\/v2\/types\/page"}],"author":[{"embeddable":true,"href":"https:\/\/www.communic-ames.com\/index.php\/wp-json\/wp\/v2\/users\/1"}],"replies":[{"embeddable":true,"href":"https:\/\/www.communic-ames.com\/index.php\/wp-json\/wp\/v2\/comments?post=385"}],"version-history":[{"count":11,"href":"https:\/\/www.communic-ames.com\/index.php\/wp-json\/wp\/v2\/pages\/385\/revisions"}],"predecessor-version":[{"id":476,"href":"https:\/\/www.communic-ames.com\/index.php\/wp-json\/wp\/v2\/pages\/385\/revisions\/476"}],"wp:attachment":[{"href":"https:\/\/www.communic-ames.com\/index.php\/wp-json\/wp\/v2\/media?parent=385"}],"curies":[{"name":"wp","href":"https:\/\/api.w.org\/{rel}","templated":true}]}}